{"id":154,"date":"2015-03-14T16:10:47","date_gmt":"2015-03-14T15:10:47","guid":{"rendered":"http:\/\/praxium.fr\/WordPress3\/?page_id=154"},"modified":"2018-01-30T15:19:58","modified_gmt":"2018-01-30T14:19:58","slug":"delais","status":"publish","type":"page","link":"https:\/\/www.praxium.fr\/WordPress3\/vos-defis\/delais\/","title":{"rendered":"r\u00e9duire les d\u00e9lais"},"content":{"rendered":"<div id=\"pl-154\"  class=\"panel-layout\" ><div id=\"pg-154-0\"  class=\"panel-grid panel-no-style\" ><div id=\"pgc-154-0-0\"  class=\"panel-grid-cell\" ><div id=\"panel-154-0-0-0\" class=\"so-panel widget_sow-editor panel-first-child panel-last-child\" data-index=\"0\" ><div\n\t\t\t\n\t\t\tclass=\"so-widget-sow-editor so-widget-sow-editor-base\"\n\t\t\t\n\t\t>\n<div class=\"siteorigin-widget-tinymce textwidget\">\n\t<h1><b>Vous voulez r\u00e9duire vos d\u00e9lais de 20 \u00e0 50%<\/b><\/h1>\n<blockquote>\n<p>Vitesse et r\u00e9activit\u00e9\u00a0prennent le pas dans notre paysage concurrentiel. \u00a0Dans un contexte de personnalisation de l'offre,\u00a0la compression des d\u00e9lais est un d\u00e9fi majeur de comp\u00e9titivit\u00e9.<\/p>\n<\/blockquote>\n<\/div>\n<\/div><\/div><\/div><\/div><div id=\"pg-154-1\"  class=\"panel-grid panel-no-style\" ><div id=\"pgc-154-1-0\"  class=\"panel-grid-cell\" ><div id=\"panel-154-1-0-0\" class=\"so-panel widget_sow-editor panel-first-child panel-last-child\" data-index=\"1\" ><div\n\t\t\t\n\t\t\tclass=\"so-widget-sow-editor so-widget-sow-editor-base\"\n\t\t\t\n\t\t>\n<div class=\"siteorigin-widget-tinymce textwidget\">\n\t<h2><i class=\"fa fa-quote-left fa-pull-left fa-border\"><\/i>vos d\u00e9fis de \"r\u00e9duction des d\u00e9lais\"<\/h2>\n<ul>\n<li>R\u00e9duire les d\u00e9lais commerciaux.<\/li>\n<li>Etre plus r\u00e9actifs que vos concurrents.<\/li>\n<li>R\u00e9duire les d\u00e9lais d'approvisionnement.<\/li>\n<\/ul>\n<h2><i class=\"fa fa-quote-left fa-pull-left fa-border\"><\/i>vos d\u00e9fis \"optimisation des flux\"<\/h2>\n<ul>\n<li>Passer votre production en flux tir\u00e9s.<\/li>\n<li>Supprimer les effets de batch et les buffers.<\/li>\n<li>Optimiser vos niveaux de stocks MP, SF, PF et consommables.<\/li>\n<\/ul>\n<\/div>\n<\/div><\/div><\/div><div id=\"pgc-154-1-1\"  class=\"panel-grid-cell\" ><div id=\"panel-154-1-1-0\" class=\"so-panel widget_sow-editor panel-first-child panel-last-child\" data-index=\"2\" ><div\n\t\t\t\n\t\t\tclass=\"so-widget-sow-editor so-widget-sow-editor-base\"\n\t\t\t\n\t\t>\n<div class=\"siteorigin-widget-tinymce textwidget\">\n\t<h2><i class=\"fa fa-quote-left fa-pull-left fa-border\"><\/i>vos d\u00e9fis \"r\u00e9duction des cycles\"<\/h2>\n<ul>\n<li>Raccourcir les phases d'innovation et de d\u00e9veloppement.<\/li>\n<li>Acc\u00e9l\u00e9rer les processus de planification.<\/li>\n<li>Diminuer les temps de d\u00e9filement en production.<\/li>\n<li>Etre plus r\u00e9actifs sur les processus administratifs.<\/li>\n<\/ul>\n<h2><i class=\"fa fa-quote-left fa-pull-left fa-border\"><\/i>vos d\u00e9fis \"efficience\"<\/h2>\n<ul>\n<li>R\u00e9duire les temps d\u2019attentes.<\/li>\n<li>Diminuer les temps de d\u00e9marrage.<\/li>\n<li>Optimiser les temps de changements de s\u00e9ries.<\/li>\n<\/ul>\n<\/div>\n<\/div><\/div><\/div><\/div><div id=\"pg-154-2\"  class=\"panel-grid panel-no-style\" ><div id=\"pgc-154-2-0\"  class=\"panel-grid-cell panel-grid-cell-mobile-last\" ><div id=\"panel-154-2-0-0\" class=\"so-panel widget_sow-cta panel-first-child panel-last-child\" data-index=\"3\" ><div\n\t\t\t\n\t\t\tclass=\"so-widget-sow-cta so-widget-sow-cta-default-0c8116875683-154\"\n\t\t\t\n\t\t><div\n\tclass=\"sow-cta-base\"\n\t>\n\t\n\t<div class=\"sow-cta-wrapper\">\n\n\t\t<div class=\"sow-cta-text\">\n\t\t\t\t\t\t\t<h4 class=\"sow-cta-title\">\n\t\t\t\t\tVous souhaitez lancer une r\u00e9flexion sur la r\u00e9duction de vos d\u00e9lais\t\t\t\t<\/h4>\n\t\t\t\n\t\t\t\t\t\t\t<h4 class=\"sow-cta-subtitle\">\n\t\t\t\t\tNous pouvons vous accompagner\t\t\t\t<\/h4>\n\t\t\t\t\t<\/div>\n\n\t\t<div\n\t\t\t\n\t\t\tclass=\"so-widget-sow-button so-widget-sow-button-atom-5adfeb6846a8\"\n\t\t\t\n\t\t><div class=\"ow-button-base ow-button-align-center\">\n\t\t\t<a\n\t\t\t\t\thref=\"https:\/\/www.praxium.fr\/WordPress3\/demande-de-renseignement\/\"\n\t\t\t\t\tclass=\"sowb-button ow-icon-placement-left ow-button-hover\" \t>\n\t\t<span>\n\t\t\t<span class=\"sow-icon-fontawesome sow-fas\" data-sow-icon=\"&#xf0a9;\"\n\t\tstyle=\"\" \n\t\taria-hidden=\"true\"><\/span>\n\t\t\tcontactez nous...\t\t<\/span>\n\t\t\t<\/a>\n\t<\/div>\n<\/div>\n\t<\/div>\n\n\t<\/div>\n<\/div><\/div><\/div><div id=\"pgc-154-2-1\"  class=\"panel-grid-cell panel-grid-cell-empty\" ><\/div><\/div><\/div>","protected":false},"excerpt":{"rendered":"<p>Vous voulez r\u00e9duire vos d\u00e9lais de 20 \u00e0 50%Vitesse et r\u00e9activit\u00e9\u00a0prennent le pas dans notre paysage concurrentiel. \u00a0Dans un contexte de personnalisation de l&#8217;offre,\u00a0la compression des d\u00e9lais est un d\u00e9fi majeur de comp\u00e9titivit\u00e9. vos d\u00e9fis de &#8220;r\u00e9duction des d\u00e9lais&#8221; R\u00e9duire les d\u00e9lais commerciaux. Etre plus r\u00e9actifs que vos concurrents. R\u00e9duire les d\u00e9lais d&#8217;approvisionnement. vos d\u00e9fis<\/p>\n","protected":false},"author":2,"featured_media":0,"parent":741,"menu_order":3,"comment_status":"closed","ping_status":"open","template":"page-fullwidth.php","meta":{"_exactmetrics_skip_tracking":false,"_exactmetrics_sitenote_active":false,"_exactmetrics_sitenote_note":"","_exactmetrics_sitenote_category":0,"footnotes":""},"class_list":["post-154","page","type-page","status-publish","hentry"],"yoast_head":"<!-- This site is optimized with the Yoast SEO plugin v23.7 - https:\/\/yoast.com\/wordpress\/plugins\/seo\/ -->\n<title>r\u00e9duire les d\u00e9lais - Praxium<\/title>\n<meta name=\"description\" content=\"Vous voulez r\u00e9duire vos d\u00e9lais de 20 \u00e0 50%. Nous pouvons vous accompagner sur les d\u00e9fis suivants... d\u00e9lais clients, temps de d\u00e9filement, niveaux de stock.\" \/>\n<meta name=\"robots\" content=\"index, follow, max-snippet:-1, max-image-preview:large, max-video-preview:-1\" \/>\n<link rel=\"canonical\" href=\"https:\/\/www.praxium.fr\/WordPress3\/vos-defis\/delais\/\" \/>\n<meta property=\"og:locale\" content=\"fr_FR\" \/>\n<meta property=\"og:type\" content=\"article\" \/>\n<meta property=\"og:title\" content=\"r\u00e9duire les d\u00e9lais - Praxium\" \/>\n<meta property=\"og:description\" content=\"Vous voulez r\u00e9duire vos d\u00e9lais de 20 \u00e0 50%. Nous pouvons vous accompagner sur les d\u00e9fis suivants... d\u00e9lais clients, temps de d\u00e9filement, niveaux de stock.\" \/>\n<meta property=\"og:url\" content=\"https:\/\/www.praxium.fr\/WordPress3\/vos-defis\/delais\/\" \/>\n<meta property=\"og:site_name\" content=\"Praxium\" \/>\n<meta property=\"article:publisher\" content=\"https:\/\/www.facebook.com\/praxium\/\" \/>\n<meta property=\"article:modified_time\" content=\"2018-01-30T14:19:58+00:00\" \/>\n<meta name=\"twitter:card\" content=\"summary_large_image\" \/>\n<meta name=\"twitter:site\" content=\"@Praxium_fr\" \/>\n<meta name=\"twitter:label1\" content=\"Dur\u00e9e de lecture estim\u00e9e\" \/>\n\t<meta name=\"twitter:data1\" content=\"1 minute\" \/>\n<script type=\"application\/ld+json\" class=\"yoast-schema-graph\">{\"@context\":\"https:\/\/schema.org\",\"@graph\":[{\"@type\":\"WebPage\",\"@id\":\"https:\/\/www.praxium.fr\/WordPress3\/vos-defis\/delais\/\",\"url\":\"https:\/\/www.praxium.fr\/WordPress3\/vos-defis\/delais\/\",\"name\":\"r\u00e9duire les d\u00e9lais - Praxium\",\"isPartOf\":{\"@id\":\"https:\/\/www.praxium.fr\/WordPress3\/#website\"},\"datePublished\":\"2015-03-14T15:10:47+00:00\",\"dateModified\":\"2018-01-30T14:19:58+00:00\",\"description\":\"Vous voulez r\u00e9duire vos d\u00e9lais de 20 \u00e0 50%. Nous pouvons vous accompagner sur les d\u00e9fis suivants... d\u00e9lais clients, temps de d\u00e9filement, niveaux de stock.\",\"breadcrumb\":{\"@id\":\"https:\/\/www.praxium.fr\/WordPress3\/vos-defis\/delais\/#breadcrumb\"},\"inLanguage\":\"fr-FR\",\"potentialAction\":[{\"@type\":\"ReadAction\",\"target\":[\"https:\/\/www.praxium.fr\/WordPress3\/vos-defis\/delais\/\"]}]},{\"@type\":\"BreadcrumbList\",\"@id\":\"https:\/\/www.praxium.fr\/WordPress3\/vos-defis\/delais\/#breadcrumb\",\"itemListElement\":[{\"@type\":\"ListItem\",\"position\":1,\"name\":\"Accueil\",\"item\":\"https:\/\/www.praxium.fr\/WordPress3\/\"},{\"@type\":\"ListItem\",\"position\":2,\"name\":\"vos d\u00e9fis pour am\u00e9liorer votre comp\u00e9titivit\u00e9\",\"item\":\"https:\/\/www.praxium.fr\/WordPress3\/vos-defis\/\"},{\"@type\":\"ListItem\",\"position\":3,\"name\":\"r\u00e9duire les d\u00e9lais\"}]},{\"@type\":\"WebSite\",\"@id\":\"https:\/\/www.praxium.fr\/WordPress3\/#website\",\"url\":\"https:\/\/www.praxium.fr\/WordPress3\/\",\"name\":\"Praxium\",\"description\":\"am\u00e9liore votre comp\u00e9titivit\u00e9...\",\"potentialAction\":[{\"@type\":\"SearchAction\",\"target\":{\"@type\":\"EntryPoint\",\"urlTemplate\":\"https:\/\/www.praxium.fr\/WordPress3\/?s={search_term_string}\"},\"query-input\":{\"@type\":\"PropertyValueSpecification\",\"valueRequired\":true,\"valueName\":\"search_term_string\"}}],\"inLanguage\":\"fr-FR\"}]}<\/script>\n<!-- \/ Yoast SEO plugin. -->","yoast_head_json":{"title":"r\u00e9duire les d\u00e9lais - Praxium","description":"Vous voulez r\u00e9duire vos d\u00e9lais de 20 \u00e0 50%. Nous pouvons vous accompagner sur les d\u00e9fis suivants... d\u00e9lais clients, temps de d\u00e9filement, niveaux de stock.","robots":{"index":"index","follow":"follow","max-snippet":"max-snippet:-1","max-image-preview":"max-image-preview:large","max-video-preview":"max-video-preview:-1"},"canonical":"https:\/\/www.praxium.fr\/WordPress3\/vos-defis\/delais\/","og_locale":"fr_FR","og_type":"article","og_title":"r\u00e9duire les d\u00e9lais - Praxium","og_description":"Vous voulez r\u00e9duire vos d\u00e9lais de 20 \u00e0 50%. Nous pouvons vous accompagner sur les d\u00e9fis suivants... d\u00e9lais clients, temps de d\u00e9filement, niveaux de stock.","og_url":"https:\/\/www.praxium.fr\/WordPress3\/vos-defis\/delais\/","og_site_name":"Praxium","article_publisher":"https:\/\/www.facebook.com\/praxium\/","article_modified_time":"2018-01-30T14:19:58+00:00","twitter_card":"summary_large_image","twitter_site":"@Praxium_fr","twitter_misc":{"Dur\u00e9e de lecture estim\u00e9e":"1 minute"},"schema":{"@context":"https:\/\/schema.org","@graph":[{"@type":"WebPage","@id":"https:\/\/www.praxium.fr\/WordPress3\/vos-defis\/delais\/","url":"https:\/\/www.praxium.fr\/WordPress3\/vos-defis\/delais\/","name":"r\u00e9duire les d\u00e9lais - Praxium","isPartOf":{"@id":"https:\/\/www.praxium.fr\/WordPress3\/#website"},"datePublished":"2015-03-14T15:10:47+00:00","dateModified":"2018-01-30T14:19:58+00:00","description":"Vous voulez r\u00e9duire vos d\u00e9lais de 20 \u00e0 50%. Nous pouvons vous accompagner sur les d\u00e9fis suivants... d\u00e9lais clients, temps de d\u00e9filement, niveaux de stock.","breadcrumb":{"@id":"https:\/\/www.praxium.fr\/WordPress3\/vos-defis\/delais\/#breadcrumb"},"inLanguage":"fr-FR","potentialAction":[{"@type":"ReadAction","target":["https:\/\/www.praxium.fr\/WordPress3\/vos-defis\/delais\/"]}]},{"@type":"BreadcrumbList","@id":"https:\/\/www.praxium.fr\/WordPress3\/vos-defis\/delais\/#breadcrumb","itemListElement":[{"@type":"ListItem","position":1,"name":"Accueil","item":"https:\/\/www.praxium.fr\/WordPress3\/"},{"@type":"ListItem","position":2,"name":"vos d\u00e9fis pour am\u00e9liorer votre comp\u00e9titivit\u00e9","item":"https:\/\/www.praxium.fr\/WordPress3\/vos-defis\/"},{"@type":"ListItem","position":3,"name":"r\u00e9duire les d\u00e9lais"}]},{"@type":"WebSite","@id":"https:\/\/www.praxium.fr\/WordPress3\/#website","url":"https:\/\/www.praxium.fr\/WordPress3\/","name":"Praxium","description":"am\u00e9liore votre comp\u00e9titivit\u00e9...","potentialAction":[{"@type":"SearchAction","target":{"@type":"EntryPoint","urlTemplate":"https:\/\/www.praxium.fr\/WordPress3\/?s={search_term_string}"},"query-input":{"@type":"PropertyValueSpecification","valueRequired":true,"valueName":"search_term_string"}}],"inLanguage":"fr-FR"}]}},"jetpack_shortlink":"https:\/\/wp.me\/P5QOhk-2u","jetpack_sharing_enabled":true,"_links":{"self":[{"href":"https:\/\/www.praxium.fr\/WordPress3\/wp-json\/wp\/v2\/pages\/154"}],"collection":[{"href":"https:\/\/www.praxium.fr\/WordPress3\/wp-json\/wp\/v2\/pages"}],"about":[{"href":"https:\/\/www.praxium.fr\/WordPress3\/wp-json\/wp\/v2\/types\/page"}],"author":[{"embeddable":true,"href":"https:\/\/www.praxium.fr\/WordPress3\/wp-json\/wp\/v2\/users\/2"}],"replies":[{"embeddable":true,"href":"https:\/\/www.praxium.fr\/WordPress3\/wp-json\/wp\/v2\/comments?post=154"}],"version-history":[{"count":26,"href":"https:\/\/www.praxium.fr\/WordPress3\/wp-json\/wp\/v2\/pages\/154\/revisions"}],"predecessor-version":[{"id":1358,"href":"https:\/\/www.praxium.fr\/WordPress3\/wp-json\/wp\/v2\/pages\/154\/revisions\/1358"}],"up":[{"embeddable":true,"href":"https:\/\/www.praxium.fr\/WordPress3\/wp-json\/wp\/v2\/pages\/741"}],"wp:attachment":[{"href":"https:\/\/www.praxium.fr\/WordPress3\/wp-json\/wp\/v2\/media?parent=154"}],"curies":[{"name":"wp","href":"https:\/\/api.w.org\/{rel}","templated":true}]}}