{"id":2,"date":"2013-06-27T13:48:16","date_gmt":"2013-06-27T13:48:16","guid":{"rendered":"http:\/\/praxium.fr\/WordPress3\/\/?page_id=2"},"modified":"2016-03-16T13:44:31","modified_gmt":"2016-03-16T12:44:31","slug":"notre-adn","status":"publish","type":"page","link":"https:\/\/www.praxium.fr\/WordPress3\/notre-adn\/","title":{"rendered":"notre ADN"},"content":{"rendered":"<div id=\"pl-2\"  class=\"panel-layout\" ><div id=\"pg-2-0\"  class=\"panel-grid panel-no-style\" ><div id=\"pgc-2-0-0\"  class=\"panel-grid-cell\" ><div id=\"panel-2-0-0-0\" class=\"so-panel widget_sow-editor panel-first-child panel-last-child\" data-index=\"0\" ><div\n\t\t\t\n\t\t\tclass=\"so-widget-sow-editor so-widget-sow-editor-base\"\n\t\t\t\n\t\t>\n<div class=\"siteorigin-widget-tinymce textwidget\">\n\t<h1>notre ADN<\/h1>\n<p>Praxium a \u00e9t\u00e9 cr\u00e9\u00e9 en 2012 par Jean-Luc M\u00e9nard.<\/p>\n<p>Le point de d\u00e9part est de s'appuyer sur un r\u00e9seau de comp\u00e9tences de conseil et d'accompagnement pour \u00eatre en mesure de r\u00e9pondre aux d\u00e9fis auxquels sont confront\u00e9s les\u00a0dirigeants.<\/p>\n<p>Ce r\u00e9seau de comp\u00e9tences est issu de 25 ann\u00e9es de conseil op\u00e9rationnel. Nous avons pu ainsi construire une \u00e9quipe de partenaires qui partage les m\u00eames valeurs au service de leurs clients.<\/p>\n<h2>pourquoi Praxium ?<\/h2>\n<blockquote>\n<p>Praxium = <em>du latin praxis<\/em> : \u00a0des pratiques<\/p>\n<\/blockquote>\n<ul>\n<li>parce que nous pensons que le changement passe par l'\u00e9volution des savoir-faire et des comp\u00e9tences.<\/li>\n<li>parce que la formation est efficace quand on la met en pratique dans son environnement.<\/li>\n<\/ul>\n<hr \/>\n<p>\u00a0<\/p>\n<\/div>\n<\/div><\/div><\/div><\/div><div id=\"pg-2-1\"  class=\"panel-grid panel-no-style\" ><div id=\"pgc-2-1-0\"  class=\"panel-grid-cell\" ><div id=\"panel-2-1-0-0\" class=\"so-panel widget_sow-editor panel-first-child panel-last-child\" data-index=\"1\" ><div\n\t\t\t\n\t\t\tclass=\"so-widget-sow-editor so-widget-sow-editor-base\"\n\t\t\t\n\t\t>\n<div class=\"siteorigin-widget-tinymce textwidget\">\n\t<h2>nos valeurs<\/h2>\n<ul>\n<li>Simplicit\u00e9 et\u00a0Convivialit\u00e9<\/li>\n<li>Confiance et Transparence<\/li>\n<li>Subsidiarit\u00e9 et Suppl\u00e9ance<\/li>\n<li>Cr\u00e9ativit\u00e9 et \u00a0Curiosit\u00e9<\/li>\n<li>Flexibilit\u00e9 et R\u00e9activit\u00e9<\/li>\n<li>Continuit\u00e9 et P\u00e9rennit\u00e9<\/li>\n<\/ul>\n<hr \/>\n<p>\u00a0<\/p>\n<\/div>\n<\/div><\/div><\/div><div id=\"pgc-2-1-1\"  class=\"panel-grid-cell\" ><div id=\"panel-2-1-1-0\" class=\"so-panel widget_sow-editor panel-first-child panel-last-child\" data-index=\"2\" ><div\n\t\t\t\n\t\t\tclass=\"so-widget-sow-editor so-widget-sow-editor-base\"\n\t\t\t\n\t\t>\n<div class=\"siteorigin-widget-tinymce textwidget\">\n\t<h2>nos convictions<\/h2>\n<blockquote>\n<p><em>On optimise la r\u00e9activit\u00e9 d\u2019une organisation et le dynamisme de ses acteurs lorsque les gestes de management sont proches de la r\u00e9alisation.<\/em><\/p>\n<\/blockquote>\n<p>\u00a0<\/p>\n<blockquote>\n<p><em>On modifie les comportements de mani\u00e8re p\u00e9renne si l'organisation sollicite r\u00e9guli\u00e8rement l'individu\u2026 <\/em><\/p>\n<p><em>...et si ce dernier mat\u00e9rialise r\u00e9guli\u00e8rement le b\u00e9n\u00e9fice de ses actes.<\/em><\/p>\n<\/blockquote>\n<hr \/>\n<p>\u00a0<\/p>\n<\/div>\n<\/div><\/div><\/div><\/div><div id=\"pg-2-2\"  class=\"panel-grid panel-no-style\" ><div id=\"pgc-2-2-0\"  class=\"panel-grid-cell\" ><div id=\"panel-2-2-0-0\" class=\"so-panel widget_sow-editor panel-first-child panel-last-child\" data-index=\"3\" ><div\n\t\t\t\n\t\t\tclass=\"so-widget-sow-editor so-widget-sow-editor-base\"\n\t\t\t\n\t\t>\n<div class=\"siteorigin-widget-tinymce textwidget\">\n\t<h2>Activit\u00e9s<\/h2>\n<p>Praxium est enregistr\u00e9 comme organisme de formation aupr\u00e8s de la pr\u00e9fecture.\u00a0Formation et conseil en organisation et management. Nous consacrons 20% de notre temps en d\u00e9veloppement.<\/p>\n<div class=\"enigma_process\">\t\n\t\t\t\t<p>Conseil  50%<\/p>\n\t\t\t\t<div class=\"progress progress-striped \">\n\t\t\t\t  <div class=\"progress-bar\"  role=\"progressbar\" aria-valuenow=\"50\" aria-valuemin=\"0\" aria-valuemax=\"100\" style=\"width: 50%\">\n\t\t\t\t  <\/div>\n\t\t\t\t<\/div>\n\t\t\t<\/div>\n<div class=\"enigma_process\">\t\n\t\t\t\t<p>Formation  30%<\/p>\n\t\t\t\t<div class=\"progress progress-striped \">\n\t\t\t\t  <div class=\"progress-bar\"  role=\"progressbar\" aria-valuenow=\" 30\" aria-valuemin=\"0\" aria-valuemax=\"100\" style=\"width:  30%\">\n\t\t\t\t  <\/div>\n\t\t\t\t<\/div>\n\t\t\t<\/div>\n<div class=\"enigma_process\">\t\n\t\t\t\t<p>Developpement  20%<\/p>\n\t\t\t\t<div class=\"progress progress-striped \">\n\t\t\t\t  <div class=\"progress-bar\"  role=\"progressbar\" aria-valuenow=\" 20\" aria-valuemin=\"0\" aria-valuemax=\"100\" style=\"width:  20%\">\n\t\t\t\t  <\/div>\n\t\t\t\t<\/div>\n\t\t\t<\/div>\n<\/div>\n<\/div><\/div><\/div><div id=\"pgc-2-2-1\"  class=\"panel-grid-cell\" ><div id=\"panel-2-2-1-0\" class=\"so-panel widget_sow-editor panel-first-child panel-last-child\" data-index=\"4\" ><div\n\t\t\t\n\t\t\tclass=\"so-widget-sow-editor so-widget-sow-editor-base\"\n\t\t\t\n\t\t>\n<div class=\"siteorigin-widget-tinymce textwidget\">\n\t<h2>Secteurs d'intervention<\/h2>\n<p>Nous intervenons sur de nombreux secteurs d'activit\u00e9, de la TPE au grand groupe.\u00a0<\/p>\n<div class=\"enigma_process\">\t\n\t\t\t\t<p>Industrie  60%<\/p>\n\t\t\t\t<div class=\"progress progress-striped \">\n\t\t\t\t  <div class=\"progress-bar\"  role=\"progressbar\" aria-valuenow=\"60\" aria-valuemin=\"0\" aria-valuemax=\"100\" style=\"width: 60%\">\n\t\t\t\t  <\/div>\n\t\t\t\t<\/div>\n\t\t\t<\/div>\n<div class=\"enigma_process\">\t\n\t\t\t\t<p>Service 30%<\/p>\n\t\t\t\t<div class=\"progress progress-striped \">\n\t\t\t\t  <div class=\"progress-bar\"  role=\"progressbar\" aria-valuenow=\"30\" aria-valuemin=\"0\" aria-valuemax=\"100\" style=\"width: 30%\">\n\t\t\t\t  <\/div>\n\t\t\t\t<\/div>\n\t\t\t<\/div>\n<div class=\"enigma_process\">\t\n\t\t\t\t<p>autres 20%<\/p>\n\t\t\t\t<div class=\"progress progress-striped \">\n\t\t\t\t  <div class=\"progress-bar\"  role=\"progressbar\" aria-valuenow=\"20\" aria-valuemin=\"0\" aria-valuemax=\"100\" style=\"width: 20%\">\n\t\t\t\t  <\/div>\n\t\t\t\t<\/div>\n\t\t\t<\/div>\n<\/div>\n<\/div><\/div><\/div><\/div><\/div>","protected":false},"excerpt":{"rendered":"<p>notre ADNPraxium a \u00e9t\u00e9 cr\u00e9\u00e9 en 2012 par Jean-Luc M\u00e9nard.Le point de d\u00e9part est de s&#8217;appuyer sur un r\u00e9seau de comp\u00e9tences de conseil et d&#8217;accompagnement pour \u00eatre en mesure de r\u00e9pondre aux d\u00e9fis auxquels sont confront\u00e9s les\u00a0dirigeants.Ce r\u00e9seau de comp\u00e9tences est issu de 25 ann\u00e9es de conseil op\u00e9rationnel. Nous avons pu ainsi construire une \u00e9quipe<\/p>\n","protected":false},"author":1,"featured_media":0,"parent":0,"menu_order":5,"comment_status":"closed","ping_status":"open","template":"page-fullwidth.php","meta":{"_exactmetrics_skip_tracking":false,"_exactmetrics_sitenote_active":false,"_exactmetrics_sitenote_note":"","_exactmetrics_sitenote_category":0,"footnotes":""},"class_list":["post-2","page","type-page","status-publish","hentry"],"yoast_head":"<!-- This site is optimized with the Yoast SEO plugin v23.7 - https:\/\/yoast.com\/wordpress\/plugins\/seo\/ -->\n<title>notre ADN - Praxium<\/title>\n<meta name=\"description\" content=\"Praxium a \u00e9t\u00e9 cr\u00e9e en 2012. notre philosophie est de mettre en pratique nos recommandations. Valeurs, Convictions, activit\u00e9s et secteurs intervention.\" \/>\n<meta name=\"robots\" content=\"index, follow, max-snippet:-1, max-image-preview:large, max-video-preview:-1\" \/>\n<link rel=\"canonical\" href=\"https:\/\/www.praxium.fr\/WordPress3\/notre-adn\/\" \/>\n<meta property=\"og:locale\" content=\"fr_FR\" \/>\n<meta property=\"og:type\" content=\"article\" \/>\n<meta property=\"og:title\" content=\"notre ADN - Praxium\" \/>\n<meta property=\"og:description\" content=\"Praxium a \u00e9t\u00e9 cr\u00e9e en 2012. notre philosophie est de mettre en pratique nos recommandations. Valeurs, Convictions, activit\u00e9s et secteurs intervention.\" \/>\n<meta property=\"og:url\" content=\"https:\/\/www.praxium.fr\/WordPress3\/notre-adn\/\" \/>\n<meta property=\"og:site_name\" content=\"Praxium\" \/>\n<meta property=\"article:publisher\" content=\"https:\/\/www.facebook.com\/praxium\/\" \/>\n<meta property=\"article:modified_time\" content=\"2016-03-16T12:44:31+00:00\" \/>\n<meta name=\"twitter:card\" content=\"summary_large_image\" \/>\n<meta name=\"twitter:site\" content=\"@Praxium_fr\" \/>\n<meta name=\"twitter:label1\" content=\"Dur\u00e9e de lecture estim\u00e9e\" \/>\n\t<meta name=\"twitter:data1\" content=\"1 minute\" \/>\n<script type=\"application\/ld+json\" class=\"yoast-schema-graph\">{\"@context\":\"https:\/\/schema.org\",\"@graph\":[{\"@type\":\"WebPage\",\"@id\":\"https:\/\/www.praxium.fr\/WordPress3\/notre-adn\/\",\"url\":\"https:\/\/www.praxium.fr\/WordPress3\/notre-adn\/\",\"name\":\"notre ADN - Praxium\",\"isPartOf\":{\"@id\":\"https:\/\/www.praxium.fr\/WordPress3\/#website\"},\"datePublished\":\"2013-06-27T13:48:16+00:00\",\"dateModified\":\"2016-03-16T12:44:31+00:00\",\"description\":\"Praxium a \u00e9t\u00e9 cr\u00e9e en 2012. notre philosophie est de mettre en pratique nos recommandations. Valeurs, Convictions, activit\u00e9s et secteurs intervention.\",\"breadcrumb\":{\"@id\":\"https:\/\/www.praxium.fr\/WordPress3\/notre-adn\/#breadcrumb\"},\"inLanguage\":\"fr-FR\",\"potentialAction\":[{\"@type\":\"ReadAction\",\"target\":[\"https:\/\/www.praxium.fr\/WordPress3\/notre-adn\/\"]}]},{\"@type\":\"BreadcrumbList\",\"@id\":\"https:\/\/www.praxium.fr\/WordPress3\/notre-adn\/#breadcrumb\",\"itemListElement\":[{\"@type\":\"ListItem\",\"position\":1,\"name\":\"Accueil\",\"item\":\"https:\/\/www.praxium.fr\/WordPress3\/\"},{\"@type\":\"ListItem\",\"position\":2,\"name\":\"notre ADN\"}]},{\"@type\":\"WebSite\",\"@id\":\"https:\/\/www.praxium.fr\/WordPress3\/#website\",\"url\":\"https:\/\/www.praxium.fr\/WordPress3\/\",\"name\":\"Praxium\",\"description\":\"am\u00e9liore votre comp\u00e9titivit\u00e9...\",\"potentialAction\":[{\"@type\":\"SearchAction\",\"target\":{\"@type\":\"EntryPoint\",\"urlTemplate\":\"https:\/\/www.praxium.fr\/WordPress3\/?s={search_term_string}\"},\"query-input\":{\"@type\":\"PropertyValueSpecification\",\"valueRequired\":true,\"valueName\":\"search_term_string\"}}],\"inLanguage\":\"fr-FR\"}]}<\/script>\n<!-- \/ Yoast SEO plugin. -->","yoast_head_json":{"title":"notre ADN - Praxium","description":"Praxium a \u00e9t\u00e9 cr\u00e9e en 2012. notre philosophie est de mettre en pratique nos recommandations. Valeurs, Convictions, activit\u00e9s et secteurs intervention.","robots":{"index":"index","follow":"follow","max-snippet":"max-snippet:-1","max-image-preview":"max-image-preview:large","max-video-preview":"max-video-preview:-1"},"canonical":"https:\/\/www.praxium.fr\/WordPress3\/notre-adn\/","og_locale":"fr_FR","og_type":"article","og_title":"notre ADN - Praxium","og_description":"Praxium a \u00e9t\u00e9 cr\u00e9e en 2012. notre philosophie est de mettre en pratique nos recommandations. Valeurs, Convictions, activit\u00e9s et secteurs intervention.","og_url":"https:\/\/www.praxium.fr\/WordPress3\/notre-adn\/","og_site_name":"Praxium","article_publisher":"https:\/\/www.facebook.com\/praxium\/","article_modified_time":"2016-03-16T12:44:31+00:00","twitter_card":"summary_large_image","twitter_site":"@Praxium_fr","twitter_misc":{"Dur\u00e9e de lecture estim\u00e9e":"1 minute"},"schema":{"@context":"https:\/\/schema.org","@graph":[{"@type":"WebPage","@id":"https:\/\/www.praxium.fr\/WordPress3\/notre-adn\/","url":"https:\/\/www.praxium.fr\/WordPress3\/notre-adn\/","name":"notre ADN - Praxium","isPartOf":{"@id":"https:\/\/www.praxium.fr\/WordPress3\/#website"},"datePublished":"2013-06-27T13:48:16+00:00","dateModified":"2016-03-16T12:44:31+00:00","description":"Praxium a \u00e9t\u00e9 cr\u00e9e en 2012. notre philosophie est de mettre en pratique nos recommandations. Valeurs, Convictions, activit\u00e9s et secteurs intervention.","breadcrumb":{"@id":"https:\/\/www.praxium.fr\/WordPress3\/notre-adn\/#breadcrumb"},"inLanguage":"fr-FR","potentialAction":[{"@type":"ReadAction","target":["https:\/\/www.praxium.fr\/WordPress3\/notre-adn\/"]}]},{"@type":"BreadcrumbList","@id":"https:\/\/www.praxium.fr\/WordPress3\/notre-adn\/#breadcrumb","itemListElement":[{"@type":"ListItem","position":1,"name":"Accueil","item":"https:\/\/www.praxium.fr\/WordPress3\/"},{"@type":"ListItem","position":2,"name":"notre ADN"}]},{"@type":"WebSite","@id":"https:\/\/www.praxium.fr\/WordPress3\/#website","url":"https:\/\/www.praxium.fr\/WordPress3\/","name":"Praxium","description":"am\u00e9liore votre comp\u00e9titivit\u00e9...","potentialAction":[{"@type":"SearchAction","target":{"@type":"EntryPoint","urlTemplate":"https:\/\/www.praxium.fr\/WordPress3\/?s={search_term_string}"},"query-input":{"@type":"PropertyValueSpecification","valueRequired":true,"valueName":"search_term_string"}}],"inLanguage":"fr-FR"}]}},"jetpack_shortlink":"https:\/\/wp.me\/P5QOhk-2","jetpack_sharing_enabled":true,"_links":{"self":[{"href":"https:\/\/www.praxium.fr\/WordPress3\/wp-json\/wp\/v2\/pages\/2"}],"collection":[{"href":"https:\/\/www.praxium.fr\/WordPress3\/wp-json\/wp\/v2\/pages"}],"about":[{"href":"https:\/\/www.praxium.fr\/WordPress3\/wp-json\/wp\/v2\/types\/page"}],"author":[{"embeddable":true,"href":"https:\/\/www.praxium.fr\/WordPress3\/wp-json\/wp\/v2\/users\/1"}],"replies":[{"embeddable":true,"href":"https:\/\/www.praxium.fr\/WordPress3\/wp-json\/wp\/v2\/comments?post=2"}],"version-history":[{"count":25,"href":"https:\/\/www.praxium.fr\/WordPress3\/wp-json\/wp\/v2\/pages\/2\/revisions"}],"predecessor-version":[{"id":1021,"href":"https:\/\/www.praxium.fr\/WordPress3\/wp-json\/wp\/v2\/pages\/2\/revisions\/1021"}],"wp:attachment":[{"href":"https:\/\/www.praxium.fr\/WordPress3\/wp-json\/wp\/v2\/media?parent=2"}],"curies":[{"name":"wp","href":"https:\/\/api.w.org\/{rel}","templated":true}]}}