{"id":330,"date":"2015-05-12T10:25:07","date_gmt":"2015-05-12T08:25:07","guid":{"rendered":"http:\/\/praxium.fr\/WordPress3\/?page_id=330"},"modified":"2018-01-30T18:32:23","modified_gmt":"2018-01-30T17:32:23","slug":"innovation","status":"publish","type":"page","link":"https:\/\/www.praxium.fr\/WordPress3\/nos-competences\/innovation\/","title":{"rendered":"Innovation"},"content":{"rendered":"<div id=\"pl-330\"  class=\"panel-layout\" ><div id=\"pg-330-0\"  class=\"panel-grid panel-no-style\" ><div id=\"pgc-330-0-0\"  class=\"panel-grid-cell\" ><div id=\"panel-330-0-0-0\" class=\"so-panel widget_sow-editor panel-first-child panel-last-child\" data-index=\"0\" ><div\n\t\t\t\n\t\t\tclass=\"so-widget-sow-editor so-widget-sow-editor-base\"\n\t\t\t\n\t\t>\n<div class=\"siteorigin-widget-tinymce textwidget\">\n\t<h1>nos comp\u00e9tences en innovation<\/h1>\n<p>Nous avons men\u00e9 des action d'am\u00e9lioration en R&amp;D et au sein de bureaux d'\u00e9tudes industriels depuis les ann\u00e9es 90.<\/p>\n<h2>vos interrogations<\/h2>\n<blockquote>\n<p>L'innovation ma\u00eetris\u00e9e est facteur de d\u00e9veloppement et de comp\u00e9titivit\u00e9. Nos clients nous posent les questions suivantes :<\/p>\n<\/blockquote>\n<ul>\n<li>Comment anticiper les futurs besoins de mes march\u00e9s\u00a0?<\/li>\n<li>Comment g\u00e9n\u00e9rer des id\u00e9es de rupture pour am\u00e9liorer mon offre.<\/li>\n<li>Comment mesurer le retour sur Investissement de mon innovation\u00a0?<\/li>\n<li>Quelles sont les ressources pour financer mon innovation\u00a0?<\/li>\n<li>Comment mieux piloter mon processus d\u2019innovation de d\u00e9veloppement\u00a0?<\/li>\n<li>Comment ajuster ma d\u00e9marche d'innovation \u00e0 la strat\u00e9gie de mon entreprise\u00a0?<\/li>\n<li>Comment faire mieux collaborer mes \u00e9quipes dans un processus de d\u00e9veloppement transverse, collaboratif\u00a0?<\/li>\n<li>Quels indicateurs pour piloter et optimiser mon processus d\u2019innovation, de R&amp;D\u00a0?<\/li>\n<li>Comment mieux impliquer mes achats dans le d\u00e9veloppement\u00a0?<\/li>\n<li>Je voudrais \u00e9largir mon offre, comment d\u00e9velopper une nouvelle offre ?<\/li>\n<\/ul>\n<h2>\u00a0<\/h2>\n<p>Nous mettons en \u0153uvre les m\u00e9thodes et outils suivants :<\/p>\n<\/div>\n<\/div><\/div><\/div><\/div><div id=\"pg-330-1\"  class=\"panel-grid panel-no-style\" ><div id=\"pgc-330-1-0\"  class=\"panel-grid-cell\" ><div id=\"panel-330-1-0-0\" class=\"so-panel widget_sow-editor panel-first-child panel-last-child\" data-index=\"1\" ><div\n\t\t\t\n\t\t\tclass=\"so-widget-sow-editor so-widget-sow-editor-base\"\n\t\t\t\n\t\t>\n<div class=\"siteorigin-widget-tinymce textwidget\">\n\t<h3>M\u00e9thodes<\/h3>\n<ul>\n<li>Gestion de projet,<\/li>\n<li>M\u00e9thodes agiles,<\/li>\n<li>Lean d\u00e9veloppement,<\/li>\n<li>Ing\u00e9nierie simultan\u00e9e,<\/li>\n<li>Conception r\u00e9gl\u00e9e,<\/li>\n<li>Conception innovante<\/li>\n<li>Reverse Engineering<\/li>\n<\/ul>\n<\/div>\n<\/div><\/div><\/div><div id=\"pgc-330-1-1\"  class=\"panel-grid-cell\" ><div id=\"panel-330-1-1-0\" class=\"so-panel widget_sow-editor panel-first-child panel-last-child\" data-index=\"2\" ><div\n\t\t\t\n\t\t\tclass=\"so-widget-sow-editor so-widget-sow-editor-base\"\n\t\t\t\n\t\t>\n<div class=\"siteorigin-widget-tinymce textwidget\">\n\t<h3>Outils<\/h3>\n<ul>\n<li>analyse des attentes, de la perception et de la satisfaction des clients : mod\u00e8le de Kano,<\/li>\n<li>outils de cr\u00e9ativit\u00e9 : Brainstorming, remue-m\u00e9ninges,<\/li>\n<li>Analyse fonctionnelle, QFD,<\/li>\n<li>MindMapping,<\/li>\n<li>Cycle en V,<\/li>\n<li>m\u00e9thodes agiles : SCRUM,<\/li>\n<li>outils collaboratifs<\/li>\n<\/ul>\n<\/div>\n<\/div><\/div><\/div><\/div><div id=\"pg-330-2\"  class=\"panel-grid panel-no-style\" ><div id=\"pgc-330-2-0\"  class=\"panel-grid-cell\" ><div id=\"panel-330-2-0-0\" class=\"so-panel widget_sow-editor panel-first-child panel-last-child\" data-index=\"3\" ><div\n\t\t\t\n\t\t\tclass=\"so-widget-sow-editor so-widget-sow-editor-base\"\n\t\t\t\n\t\t>\n<div class=\"siteorigin-widget-tinymce textwidget\">\n\t<hr \/>\n<h2>nos r\u00e9sultats<\/h2>\n<h3>Optimisation de votre processus de d\u00e9veloppement<\/h3>\n<ul>\n<li>Meilleure r\u00e9ponse aux attentes de vos march\u00e9s<\/li>\n<li>R\u00e9duction du cycle d\u2019innovation \/ d\u00e9veloppement<\/li>\n<li>R\u00e9duction des co\u00fbts de d\u00e9veloppement<\/li>\n<li>Diminution des phases de mise au point (MAP)<\/li>\n<li>Diminution \/ respect des d\u00e9lais de mise sur le march\u00e9<\/li>\n<li>Meilleure ma\u00eetrise des risques innovation<\/li>\n<\/ul>\n<hr \/>\n<blockquote>\n<p>Vous souhaitez plus d'informations<\/p>\n<\/blockquote>\n<\/div>\n<\/div><\/div><\/div><\/div><div id=\"pg-330-3\"  class=\"panel-grid panel-no-style\" ><div id=\"pgc-330-3-0\"  class=\"panel-grid-cell\" ><div id=\"panel-330-3-0-0\" class=\"so-panel widget_sow-button panel-first-child panel-last-child\" data-index=\"4\" ><div\n\t\t\t\n\t\t\tclass=\"so-widget-sow-button so-widget-sow-button-atom-144c983c4712-330\"\n\t\t\t\n\t\t><div class=\"ow-button-base ow-button-align-left\">\n\t\t\t<a\n\t\t\t\t\thref=\"https:\/\/www.praxium.fr\/WordPress3\/notre-adn\/contact\/\"\n\t\t\t\t\tclass=\"sowb-button ow-icon-placement-left ow-button-hover\" \t>\n\t\t<span>\n\t\t\t\n\t\t\tcontactez-nous\t\t<\/span>\n\t\t\t<\/a>\n\t<\/div>\n<\/div><\/div><\/div><\/div><\/div>","protected":false},"excerpt":{"rendered":"<p>nos comp\u00e9tences en innovation Nous avons men\u00e9 des action d&#8217;am\u00e9lioration en R&amp;D et au sein de bureaux d&#8217;\u00e9tudes industriels depuis les ann\u00e9es 90. vos interrogations L&#8217;innovation ma\u00eetris\u00e9e est facteur de d\u00e9veloppement et de comp\u00e9titivit\u00e9. Nos clients nous posent les questions suivantes : Comment anticiper les futurs besoins de mes march\u00e9s\u00a0? Comment g\u00e9n\u00e9rer des id\u00e9es de<\/p>\n","protected":false},"author":2,"featured_media":896,"parent":61,"menu_order":3,"comment_status":"closed","ping_status":"open","template":"page-fullwidth.php","meta":{"_exactmetrics_skip_tracking":false,"_exactmetrics_sitenote_active":false,"_exactmetrics_sitenote_note":"","_exactmetrics_sitenote_category":0,"footnotes":""},"class_list":["post-330","page","type-page","status-publish","has-post-thumbnail","hentry"],"yoast_head":"<!-- This site is optimized with the Yoast SEO plugin v23.7 - https:\/\/yoast.com\/wordpress\/plugins\/seo\/ -->\n<title>Innovation - Praxium<\/title>\n<meta name=\"description\" content=\"L&#039;innovation ma\u00eetris\u00e9e est facteur de d\u00e9veloppement et de comp\u00e9titivit\u00e9. Nos clients nous posent les questions suivantes...\" \/>\n<meta name=\"robots\" content=\"index, follow, max-snippet:-1, max-image-preview:large, max-video-preview:-1\" \/>\n<link rel=\"canonical\" href=\"https:\/\/www.praxium.fr\/WordPress3\/nos-competences\/innovation\/\" \/>\n<meta property=\"og:locale\" content=\"fr_FR\" \/>\n<meta property=\"og:type\" content=\"article\" \/>\n<meta property=\"og:title\" content=\"Innovation - Praxium\" \/>\n<meta property=\"og:description\" content=\"L&#039;innovation ma\u00eetris\u00e9e est facteur de d\u00e9veloppement et de comp\u00e9titivit\u00e9. Nos clients nous posent les questions suivantes...\" \/>\n<meta property=\"og:url\" content=\"https:\/\/www.praxium.fr\/WordPress3\/nos-competences\/innovation\/\" \/>\n<meta property=\"og:site_name\" content=\"Praxium\" \/>\n<meta property=\"article:publisher\" content=\"https:\/\/www.facebook.com\/praxium\/\" \/>\n<meta property=\"article:modified_time\" content=\"2018-01-30T17:32:23+00:00\" \/>\n<meta property=\"og:image\" content=\"https:\/\/www.praxium.fr\/WordPress3\/wp-content\/uploads\/2016\/03\/Life-of-Pix-free-stock-photo-texture-paint-e1457508349601.jpg\" \/>\n\t<meta property=\"og:image:width\" content=\"1025\" \/>\n\t<meta property=\"og:image:height\" content=\"683\" \/>\n\t<meta property=\"og:image:type\" content=\"image\/jpeg\" \/>\n<meta name=\"twitter:card\" content=\"summary_large_image\" \/>\n<meta name=\"twitter:site\" content=\"@Praxium_fr\" \/>\n<meta name=\"twitter:label1\" content=\"Dur\u00e9e de lecture estim\u00e9e\" \/>\n\t<meta name=\"twitter:data1\" content=\"2 minutes\" \/>\n<script type=\"application\/ld+json\" class=\"yoast-schema-graph\">{\"@context\":\"https:\/\/schema.org\",\"@graph\":[{\"@type\":\"WebPage\",\"@id\":\"https:\/\/www.praxium.fr\/WordPress3\/nos-competences\/innovation\/\",\"url\":\"https:\/\/www.praxium.fr\/WordPress3\/nos-competences\/innovation\/\",\"name\":\"Innovation - Praxium\",\"isPartOf\":{\"@id\":\"https:\/\/www.praxium.fr\/WordPress3\/#website\"},\"primaryImageOfPage\":{\"@id\":\"https:\/\/www.praxium.fr\/WordPress3\/nos-competences\/innovation\/#primaryimage\"},\"image\":{\"@id\":\"https:\/\/www.praxium.fr\/WordPress3\/nos-competences\/innovation\/#primaryimage\"},\"thumbnailUrl\":\"https:\/\/www.praxium.fr\/WordPress3\/wp-content\/uploads\/2016\/03\/Life-of-Pix-free-stock-photo-texture-paint-e1457508349601.jpg\",\"datePublished\":\"2015-05-12T08:25:07+00:00\",\"dateModified\":\"2018-01-30T17:32:23+00:00\",\"description\":\"L'innovation ma\u00eetris\u00e9e est facteur de d\u00e9veloppement et de comp\u00e9titivit\u00e9. Nos clients nous posent les questions suivantes...\",\"breadcrumb\":{\"@id\":\"https:\/\/www.praxium.fr\/WordPress3\/nos-competences\/innovation\/#breadcrumb\"},\"inLanguage\":\"fr-FR\",\"potentialAction\":[{\"@type\":\"ReadAction\",\"target\":[\"https:\/\/www.praxium.fr\/WordPress3\/nos-competences\/innovation\/\"]}]},{\"@type\":\"ImageObject\",\"inLanguage\":\"fr-FR\",\"@id\":\"https:\/\/www.praxium.fr\/WordPress3\/nos-competences\/innovation\/#primaryimage\",\"url\":\"https:\/\/www.praxium.fr\/WordPress3\/wp-content\/uploads\/2016\/03\/Life-of-Pix-free-stock-photo-texture-paint-e1457508349601.jpg\",\"contentUrl\":\"https:\/\/www.praxium.fr\/WordPress3\/wp-content\/uploads\/2016\/03\/Life-of-Pix-free-stock-photo-texture-paint-e1457508349601.jpg\",\"width\":1025,\"height\":683,\"caption\":\"innovation\"},{\"@type\":\"BreadcrumbList\",\"@id\":\"https:\/\/www.praxium.fr\/WordPress3\/nos-competences\/innovation\/#breadcrumb\",\"itemListElement\":[{\"@type\":\"ListItem\",\"position\":1,\"name\":\"Accueil\",\"item\":\"https:\/\/www.praxium.fr\/WordPress3\/\"},{\"@type\":\"ListItem\",\"position\":2,\"name\":\"nos comp\u00e9tences\",\"item\":\"https:\/\/www.praxium.fr\/WordPress3\/nos-competences\/\"},{\"@type\":\"ListItem\",\"position\":3,\"name\":\"Innovation\"}]},{\"@type\":\"WebSite\",\"@id\":\"https:\/\/www.praxium.fr\/WordPress3\/#website\",\"url\":\"https:\/\/www.praxium.fr\/WordPress3\/\",\"name\":\"Praxium\",\"description\":\"am\u00e9liore votre comp\u00e9titivit\u00e9...\",\"potentialAction\":[{\"@type\":\"SearchAction\",\"target\":{\"@type\":\"EntryPoint\",\"urlTemplate\":\"https:\/\/www.praxium.fr\/WordPress3\/?s={search_term_string}\"},\"query-input\":{\"@type\":\"PropertyValueSpecification\",\"valueRequired\":true,\"valueName\":\"search_term_string\"}}],\"inLanguage\":\"fr-FR\"}]}<\/script>\n<!-- \/ Yoast SEO plugin. -->","yoast_head_json":{"title":"Innovation - Praxium","description":"L'innovation ma\u00eetris\u00e9e est facteur de d\u00e9veloppement et de comp\u00e9titivit\u00e9. Nos clients nous posent les questions suivantes...","robots":{"index":"index","follow":"follow","max-snippet":"max-snippet:-1","max-image-preview":"max-image-preview:large","max-video-preview":"max-video-preview:-1"},"canonical":"https:\/\/www.praxium.fr\/WordPress3\/nos-competences\/innovation\/","og_locale":"fr_FR","og_type":"article","og_title":"Innovation - Praxium","og_description":"L'innovation ma\u00eetris\u00e9e est facteur de d\u00e9veloppement et de comp\u00e9titivit\u00e9. Nos clients nous posent les questions suivantes...","og_url":"https:\/\/www.praxium.fr\/WordPress3\/nos-competences\/innovation\/","og_site_name":"Praxium","article_publisher":"https:\/\/www.facebook.com\/praxium\/","article_modified_time":"2018-01-30T17:32:23+00:00","og_image":[{"width":1025,"height":683,"url":"https:\/\/www.praxium.fr\/WordPress3\/wp-content\/uploads\/2016\/03\/Life-of-Pix-free-stock-photo-texture-paint-e1457508349601.jpg","type":"image\/jpeg"}],"twitter_card":"summary_large_image","twitter_site":"@Praxium_fr","twitter_misc":{"Dur\u00e9e de lecture estim\u00e9e":"2 minutes"},"schema":{"@context":"https:\/\/schema.org","@graph":[{"@type":"WebPage","@id":"https:\/\/www.praxium.fr\/WordPress3\/nos-competences\/innovation\/","url":"https:\/\/www.praxium.fr\/WordPress3\/nos-competences\/innovation\/","name":"Innovation - Praxium","isPartOf":{"@id":"https:\/\/www.praxium.fr\/WordPress3\/#website"},"primaryImageOfPage":{"@id":"https:\/\/www.praxium.fr\/WordPress3\/nos-competences\/innovation\/#primaryimage"},"image":{"@id":"https:\/\/www.praxium.fr\/WordPress3\/nos-competences\/innovation\/#primaryimage"},"thumbnailUrl":"https:\/\/www.praxium.fr\/WordPress3\/wp-content\/uploads\/2016\/03\/Life-of-Pix-free-stock-photo-texture-paint-e1457508349601.jpg","datePublished":"2015-05-12T08:25:07+00:00","dateModified":"2018-01-30T17:32:23+00:00","description":"L'innovation ma\u00eetris\u00e9e est facteur de d\u00e9veloppement et de comp\u00e9titivit\u00e9. Nos clients nous posent les questions suivantes...","breadcrumb":{"@id":"https:\/\/www.praxium.fr\/WordPress3\/nos-competences\/innovation\/#breadcrumb"},"inLanguage":"fr-FR","potentialAction":[{"@type":"ReadAction","target":["https:\/\/www.praxium.fr\/WordPress3\/nos-competences\/innovation\/"]}]},{"@type":"ImageObject","inLanguage":"fr-FR","@id":"https:\/\/www.praxium.fr\/WordPress3\/nos-competences\/innovation\/#primaryimage","url":"https:\/\/www.praxium.fr\/WordPress3\/wp-content\/uploads\/2016\/03\/Life-of-Pix-free-stock-photo-texture-paint-e1457508349601.jpg","contentUrl":"https:\/\/www.praxium.fr\/WordPress3\/wp-content\/uploads\/2016\/03\/Life-of-Pix-free-stock-photo-texture-paint-e1457508349601.jpg","width":1025,"height":683,"caption":"innovation"},{"@type":"BreadcrumbList","@id":"https:\/\/www.praxium.fr\/WordPress3\/nos-competences\/innovation\/#breadcrumb","itemListElement":[{"@type":"ListItem","position":1,"name":"Accueil","item":"https:\/\/www.praxium.fr\/WordPress3\/"},{"@type":"ListItem","position":2,"name":"nos comp\u00e9tences","item":"https:\/\/www.praxium.fr\/WordPress3\/nos-competences\/"},{"@type":"ListItem","position":3,"name":"Innovation"}]},{"@type":"WebSite","@id":"https:\/\/www.praxium.fr\/WordPress3\/#website","url":"https:\/\/www.praxium.fr\/WordPress3\/","name":"Praxium","description":"am\u00e9liore votre comp\u00e9titivit\u00e9...","potentialAction":[{"@type":"SearchAction","target":{"@type":"EntryPoint","urlTemplate":"https:\/\/www.praxium.fr\/WordPress3\/?s={search_term_string}"},"query-input":{"@type":"PropertyValueSpecification","valueRequired":true,"valueName":"search_term_string"}}],"inLanguage":"fr-FR"}]}},"jetpack_shortlink":"https:\/\/wp.me\/P5QOhk-5k","jetpack_sharing_enabled":true,"_links":{"self":[{"href":"https:\/\/www.praxium.fr\/WordPress3\/wp-json\/wp\/v2\/pages\/330"}],"collection":[{"href":"https:\/\/www.praxium.fr\/WordPress3\/wp-json\/wp\/v2\/pages"}],"about":[{"href":"https:\/\/www.praxium.fr\/WordPress3\/wp-json\/wp\/v2\/types\/page"}],"author":[{"embeddable":true,"href":"https:\/\/www.praxium.fr\/WordPress3\/wp-json\/wp\/v2\/users\/2"}],"replies":[{"embeddable":true,"href":"https:\/\/www.praxium.fr\/WordPress3\/wp-json\/wp\/v2\/comments?post=330"}],"version-history":[{"count":17,"href":"https:\/\/www.praxium.fr\/WordPress3\/wp-json\/wp\/v2\/pages\/330\/revisions"}],"predecessor-version":[{"id":1375,"href":"https:\/\/www.praxium.fr\/WordPress3\/wp-json\/wp\/v2\/pages\/330\/revisions\/1375"}],"up":[{"embeddable":true,"href":"https:\/\/www.praxium.fr\/WordPress3\/wp-json\/wp\/v2\/pages\/61"}],"wp:featuredmedia":[{"embeddable":true,"href":"https:\/\/www.praxium.fr\/WordPress3\/wp-json\/wp\/v2\/media\/896"}],"wp:attachment":[{"href":"https:\/\/www.praxium.fr\/WordPress3\/wp-json\/wp\/v2\/media?parent=330"}],"curies":[{"name":"wp","href":"https:\/\/api.w.org\/{rel}","templated":true}]}}