{"id":46,"date":"2015-03-14T13:36:26","date_gmt":"2015-03-14T12:36:26","guid":{"rendered":"http:\/\/praxium.fr\/WordPress3\/?page_id=46"},"modified":"2018-02-20T16:19:07","modified_gmt":"2018-02-20T15:19:07","slug":"diagnostic","status":"publish","type":"page","link":"https:\/\/www.praxium.fr\/WordPress3\/nos-services\/diagnostic\/","title":{"rendered":"Diagnostic"},"content":{"rendered":"<h1>Qu&#8217;est-ce qu&#8217;un diagnostic ?<\/h1>\n<p>Le diagnostic permet de prioriser les actions d&#8217;am\u00e9lioration et de quantifier les enjeux. Il permet aussi de d\u00e9finir la feuille de route et le cadre d&#8217;une mission de conseil,\u00a0<a href=\"https:\/\/www.praxium.fr\/WordPress3\/nos-services\/chantier-damelioration\/\">chantiers cibl\u00e9s<\/a> ou d&#8217;un <a href=\"https:\/\/www.praxium.fr\/WordPress3\/nos-services\/programme-damelioration\/\">programme d&#8217;am\u00e9lioration<\/a> plus ambitieux.<\/p>\n<p>A l&#8217;issue du diagnostic, vous disposez de tous les \u00e9l\u00e9ments permettant sereinement de prendre\u00a0votre\u00a0d\u00e9cision de continuit\u00e9. Ce dispositif vous permet aussi d&#8217;identifier et d&#8217;anticiper les risques li\u00e9s \u00e0 la mise en oeuvre d&#8217;une d\u00e9marche de changement.<\/p>\n<hr \/>\n<p>&nbsp;<\/p>\n<h2><img loading=\"lazy\" decoding=\"async\" class=\"alignleft wp-image-1091\" src=\"https:\/\/www.praxium.fr\/WordPress3\/wp-content\/uploads\/2015\/03\/target.png\" alt=\"objectifs\" width=\"200\" height=\"150\" \/>Pourquoi faire\u00a0un diagnostic ?<\/h2>\n<p>La finalit\u00e9 est de permettre au Conseil d&#8217;appr\u00e9hender le contexte et le quotidien de l&#8217;entreprise sur base d&#8217;\u00e9l\u00e9ments factuels. Plus pr\u00e9cis\u00e9ment le diagnostic permet de :<\/p>\n<p>&nbsp;<\/p>\n<ul>\n<li>Photographier le fonctionnement quotidien de votre organisation.<\/li>\n<li>Identifier les gisements de progr\u00e8s et les potentiels d\u2019am\u00e9lioration en les quantifiant.<\/li>\n<li>Identifier les contraintes et les risques qui nuiraient r\u00e9alisation\u00a0d&#8217;un projet d&#8217;am\u00e9lioration.<\/li>\n<li>Comprendre et prendre en compte la culture de votre entreprise et les contraintes li\u00e9es \u00e0 l\u2019activit\u00e9.<\/li>\n<li>Partager avec vous une vision concr\u00e8te des axes de progr\u00e8s et des potentiels d\u2019am\u00e9lioration.<\/li>\n<li>Construire ensemble un plan de progr\u00e8s adapt\u00e9 \u00e0 la r\u00e9alit\u00e9 de votre entreprise.<\/li>\n<li>Formaliser le plan de progr\u00e8s dans notre proposition de mission.<\/li>\n<li>D\u00e9finir ensemble les indicateurs de succ\u00e8s de la mission et recueillir votre d\u00e9cision.<\/li>\n<\/ul>\n<hr \/>\n<h2>Comment se\u00a0d\u00e9roule le diagnostic ?<\/h2>\n<p>En r\u00e8gle g\u00e9n\u00e9rale, le diagnostic se d\u00e9roule sur 2 semaines.<\/p>\n<h3>Le diagnostic se d\u00e9roule\u00a0en deux \u00e9tapes :<\/h3>\n<ol>\n<li>r\u00e9alisation d&#8217;\u00e9tudes et d&#8217;analyses permettant d\u2019identifier les pistes et les gisements de progr\u00e8s.<\/li>\n<li>Construction commune de\u00a0la feuille de route pour votre programme d&#8217;am\u00e9lioration.<\/li>\n<\/ol>\n<p>En de fin du diagnostic,\u00a0nous finalisons\u00a0notre offre afin que vous disposiez de toute la visibilit\u00e9 pour prendre votre d\u00e9cision de continuit\u00e9.<\/p>\n<h3>\u00a0Notre processus de diagnostic est formalis\u00e9<\/h3>\n<p>Le processus de communication \/ d\u00e9cision est rigoureusement d\u00e9fini, il comporte :<\/p>\n<ul>\n<li>une <u>r\u00e9union d\u2019ouverture<\/u> pour informer l\u2019ensemble des responsables de la d\u00e9marche.<\/li>\n<li>3 r\u00e9unions avec le(s) d\u00e9cideur(s).\n<ul>\n<li><u>Qualification<\/u> : \u00ab\u00a0ce que nous avons trouv\u00e9\u00a0\u00bb, le vendredi de la premi\u00e8re semaine.<\/li>\n<li><u>Pr\u00e9sentation<\/u> : \u00ab\u00a0ce que nous vous proposons\u00a0\u00bb, le mercredi de la deuxi\u00e8me semaine.<\/li>\n<li><u>D\u00e9cision<\/u>: \u00ab le jeudi de la deuxi\u00e8me semaine\u00a0\u00bb.<\/li>\n<\/ul>\n<\/li>\n<\/ul>\n<p>Une interaction informelle et continue entre Praxium\u00a0et le(s) d\u00e9cideur(s) est appr\u00e9ciable, car elle optimise la d\u00e9marche en validant les orientations.<\/p>\n<p><i>Nous souhaitons pouvoir \u00e9changer avec le &#8220;chef de projet&#8221; r\u00e9guli\u00e8rement. Tous les soirs sur une base de trente \u00e0 quarante-cinq minutes.<\/i><\/p>\n<hr \/>\n<h2>les livrables du diagnostic<\/h2>\n<p>A\u00a0l&#8217;issue du diagnostic, vous disposez de la synth\u00e8se du diagnostic et d&#8217;une proposition\u00a0qui vous permettent de prendre votre d\u00e9cision de continuit\u00e9 en toute s\u00e9r\u00e9nit\u00e9.<\/p>\n<ul>\n<li>objectifs<\/li>\n<li>p\u00e9rim\u00e8tre<\/li>\n<li>axes d&#8217;intervention<\/li>\n<li>m\u00e9thodologie<\/li>\n<li>calendrier<\/li>\n<li>ressources n\u00e9cessaires<\/li>\n<li>budget et enjeux<\/li>\n<li>conditions de succ\u00e8s<\/li>\n<li>risques et contre-mesures<\/li>\n<\/ul>\n<hr \/>\n<p style=\"padding-left: 30px;\"><i class=\"fa fa-exclamation-triangle fa-2x\"><\/i><em> Pour les organisations de petite taille ou pour des p\u00e9rim\u00e8tres r\u00e9duits, nous proposons une formule de diagnostic all\u00e9g\u00e9e sur 2 \u00e0 3 journ\u00e9es.<\/em><\/p>\n<hr \/>\n<blockquote><p><em>Contactez-nous si vous souhaitez des pr\u00e9cisions&#8230;<\/em><\/p><\/blockquote>\n<div data-test='contact-form' id='contact-form-46' class='wp-block-jetpack-contact-form-container '>\n<form action='https:\/\/www.praxium.fr\/WordPress3\/nos-services\/diagnostic\/#contact-form-46' method='post' class='contact-form commentsblock' aria-label=\"Diagnostic\" novalidate>\n\n<div style=\"\" class='grunion-field-name-wrap grunion-field-wrap'  >\n<label\n\t\t\t\tfor='g46-votrenomprnom'\n\t\t\t\tclass='grunion-field-label name'>votre nom, pr\u00e9nom<span class=\"grunion-label-required\" aria-hidden=\"true\">(obligatoire)<\/span><\/label>\n<input\n\t\t\t\t\ttype='text'\n\t\t\t\t\tname='g46-votrenomprnom'\n\t\t\t\t\tid='g46-votrenomprnom'\n\t\t\t\t\tvalue=''\n\t\t\t\t\tclass='name  grunion-field' \n\t\t\t\t\trequired aria-required='true' \/>\n\t<\/div>\n\n<div style=\"\" class='grunion-field-email-wrap grunion-field-wrap'  >\n<label\n\t\t\t\tfor='g46-email'\n\t\t\t\tclass='grunion-field-label email'>E-mail<span class=\"grunion-label-required\" aria-hidden=\"true\">(obligatoire)<\/span><\/label>\n<input\n\t\t\t\t\ttype='email'\n\t\t\t\t\tname='g46-email'\n\t\t\t\t\tid='g46-email'\n\t\t\t\t\tvalue=''\n\t\t\t\t\tclass='email  grunion-field' \n\t\t\t\t\trequired aria-required='true' \/>\n\t<\/div>\n\n<div style=\"\" class='grunion-field-text-wrap grunion-field-wrap'  >\n<label\n\t\t\t\tfor='g46-votreentreprise'\n\t\t\t\tclass='grunion-field-label text'>votre entreprise<span class=\"grunion-label-required\" aria-hidden=\"true\">(obligatoire)<\/span><\/label>\n<input\n\t\t\t\t\ttype='text'\n\t\t\t\t\tname='g46-votreentreprise'\n\t\t\t\t\tid='g46-votreentreprise'\n\t\t\t\t\tvalue=''\n\t\t\t\t\tclass='text  grunion-field' \n\t\t\t\t\trequired aria-required='true' \/>\n\t<\/div>\n\n<div style=\"\" class='grunion-field-url-wrap grunion-field-wrap'  >\n<label\n\t\t\t\tfor='g46-sitewebentreprise'\n\t\t\t\tclass='grunion-field-label url'>site web entreprise<\/label>\n<input\n\t\t\t\t\ttype='text'\n\t\t\t\t\tname='g46-sitewebentreprise'\n\t\t\t\t\tid='g46-sitewebentreprise'\n\t\t\t\t\tvalue=''\n\t\t\t\t\tclass='url  grunion-field' \n\t\t\t\t\ttitle=\"Veuillez saisir une URL valide - https:\/\/www.exemple.fr\" oninvalid=\"setCustomValidity(&quot;Veuillez saisir une URL valide - https:\/\/www.exemple.fr&quot;)\" oninput=\"setCustomValidity(&quot;&quot;)\" pattern=\"(([:\\\/a-zA-Z0-9_\\-]+)?(\\.[a-zA-Z0-9_\\-\\\/]+)+)\" data-type-override=\"url\"  \/>\n\t<\/div>\n\n<div style=\"\" class='grunion-field-textarea-wrap grunion-field-wrap'  >\n<label\n\t\t\t\tfor='contact-form-comment-g46-mercideprciservotrequestion'\n\t\t\t\tclass='grunion-field-label textarea'>merci de pr\u00e9ciser votre question<span class=\"grunion-label-required\" aria-hidden=\"true\">(obligatoire)<\/span><\/label>\n<textarea\n\t\t                style=''\n\t\t                name='g46-mercideprciservotrequestion'\n\t\t                id='contact-form-comment-g46-mercideprciservotrequestion'\n\t\t                rows='20' class='textarea  grunion-field'  required aria-required='true'><\/textarea>\n\t<\/div>\n\t<p class='contact-submit'>\n\t\t<button type='submit' class='pushbutton-wide'>Envoyer<\/button>\t\t<input type='hidden' name='contact-form-id' value='46' \/>\n\t\t<input type='hidden' name='action' value='grunion-contact-form' \/>\n\t\t<input type='hidden' name='contact-form-hash' value='fb99f30a9a330af2bf01ee87f0f97ab2793d08ab' \/>\n\t<\/p>\n<\/form>\n<\/div>\n<hr \/>\n<p>&nbsp;<\/p>\n","protected":false},"excerpt":{"rendered":"<p>Qu&#8217;est-ce qu&#8217;un diagnostic ? Le diagnostic permet de prioriser les actions d&#8217;am\u00e9lioration et de quantifier les enjeux. Il permet aussi de d\u00e9finir la feuille de route et le cadre d&#8217;une mission de conseil,\u00a0chantiers cibl\u00e9s ou d&#8217;un programme d&#8217;am\u00e9lioration plus ambitieux. A l&#8217;issue du diagnostic, vous disposez de tous les \u00e9l\u00e9ments permettant sereinement de prendre\u00a0votre\u00a0d\u00e9cision de<\/p>\n","protected":false},"author":2,"featured_media":0,"parent":102,"menu_order":1,"comment_status":"closed","ping_status":"open","template":"page-fullwidth.php","meta":{"_exactmetrics_skip_tracking":false,"_exactmetrics_sitenote_active":false,"_exactmetrics_sitenote_note":"","_exactmetrics_sitenote_category":0,"footnotes":""},"class_list":["post-46","page","type-page","status-publish","hentry"],"yoast_head":"<!-- This site is optimized with the Yoast SEO plugin v23.7 - https:\/\/yoast.com\/wordpress\/plugins\/seo\/ -->\n<title>Diagnostic - Praxium<\/title>\n<meta name=\"description\" content=\"Le diagnostic permet de prioriser les actions d&#039;am\u00e9lioration, de quantifier les enjeux et de de rentrer dans le contexte et le quotidien de l&#039;entreprise\" \/>\n<meta name=\"robots\" content=\"index, follow, max-snippet:-1, max-image-preview:large, max-video-preview:-1\" \/>\n<link rel=\"canonical\" href=\"https:\/\/www.praxium.fr\/WordPress3\/nos-services\/diagnostic\/\" \/>\n<meta property=\"og:locale\" content=\"fr_FR\" \/>\n<meta property=\"og:type\" content=\"article\" \/>\n<meta property=\"og:title\" content=\"Diagnostic - Praxium\" \/>\n<meta property=\"og:description\" content=\"Le diagnostic permet de prioriser les actions d&#039;am\u00e9lioration, de quantifier les enjeux et de de rentrer dans le contexte et le quotidien de l&#039;entreprise\" \/>\n<meta property=\"og:url\" content=\"https:\/\/www.praxium.fr\/WordPress3\/nos-services\/diagnostic\/\" \/>\n<meta property=\"og:site_name\" content=\"Praxium\" \/>\n<meta property=\"article:publisher\" content=\"https:\/\/www.facebook.com\/praxium\/\" \/>\n<meta property=\"article:modified_time\" content=\"2018-02-20T15:19:07+00:00\" \/>\n<meta property=\"og:image\" content=\"https:\/\/www.praxium.fr\/WordPress3\/wp-content\/uploads\/2015\/03\/target.png\" \/>\n<meta name=\"twitter:card\" content=\"summary_large_image\" \/>\n<meta name=\"twitter:site\" content=\"@Praxium_fr\" \/>\n<meta name=\"twitter:label1\" content=\"Dur\u00e9e de lecture estim\u00e9e\" \/>\n\t<meta name=\"twitter:data1\" content=\"3 minutes\" \/>\n<script type=\"application\/ld+json\" class=\"yoast-schema-graph\">{\"@context\":\"https:\/\/schema.org\",\"@graph\":[{\"@type\":\"WebPage\",\"@id\":\"https:\/\/www.praxium.fr\/WordPress3\/nos-services\/diagnostic\/\",\"url\":\"https:\/\/www.praxium.fr\/WordPress3\/nos-services\/diagnostic\/\",\"name\":\"Diagnostic - Praxium\",\"isPartOf\":{\"@id\":\"https:\/\/www.praxium.fr\/WordPress3\/#website\"},\"primaryImageOfPage\":{\"@id\":\"https:\/\/www.praxium.fr\/WordPress3\/nos-services\/diagnostic\/#primaryimage\"},\"image\":{\"@id\":\"https:\/\/www.praxium.fr\/WordPress3\/nos-services\/diagnostic\/#primaryimage\"},\"thumbnailUrl\":\"https:\/\/www.praxium.fr\/WordPress3\/wp-content\/uploads\/2015\/03\/target.png\",\"datePublished\":\"2015-03-14T12:36:26+00:00\",\"dateModified\":\"2018-02-20T15:19:07+00:00\",\"description\":\"Le diagnostic permet de prioriser les actions d'am\u00e9lioration, de quantifier les enjeux et de de rentrer dans le contexte et le quotidien de l'entreprise\",\"breadcrumb\":{\"@id\":\"https:\/\/www.praxium.fr\/WordPress3\/nos-services\/diagnostic\/#breadcrumb\"},\"inLanguage\":\"fr-FR\",\"potentialAction\":[{\"@type\":\"ReadAction\",\"target\":[\"https:\/\/www.praxium.fr\/WordPress3\/nos-services\/diagnostic\/\"]}]},{\"@type\":\"ImageObject\",\"inLanguage\":\"fr-FR\",\"@id\":\"https:\/\/www.praxium.fr\/WordPress3\/nos-services\/diagnostic\/#primaryimage\",\"url\":\"https:\/\/www.praxium.fr\/WordPress3\/wp-content\/uploads\/2015\/03\/target.png\",\"contentUrl\":\"https:\/\/www.praxium.fr\/WordPress3\/wp-content\/uploads\/2015\/03\/target.png\",\"width\":334,\"height\":251},{\"@type\":\"BreadcrumbList\",\"@id\":\"https:\/\/www.praxium.fr\/WordPress3\/nos-services\/diagnostic\/#breadcrumb\",\"itemListElement\":[{\"@type\":\"ListItem\",\"position\":1,\"name\":\"Accueil\",\"item\":\"https:\/\/www.praxium.fr\/WordPress3\/\"},{\"@type\":\"ListItem\",\"position\":2,\"name\":\"Services\",\"item\":\"https:\/\/www.praxium.fr\/WordPress3\/nos-services\/\"},{\"@type\":\"ListItem\",\"position\":3,\"name\":\"Diagnostic\"}]},{\"@type\":\"WebSite\",\"@id\":\"https:\/\/www.praxium.fr\/WordPress3\/#website\",\"url\":\"https:\/\/www.praxium.fr\/WordPress3\/\",\"name\":\"Praxium\",\"description\":\"am\u00e9liore votre comp\u00e9titivit\u00e9...\",\"potentialAction\":[{\"@type\":\"SearchAction\",\"target\":{\"@type\":\"EntryPoint\",\"urlTemplate\":\"https:\/\/www.praxium.fr\/WordPress3\/?s={search_term_string}\"},\"query-input\":{\"@type\":\"PropertyValueSpecification\",\"valueRequired\":true,\"valueName\":\"search_term_string\"}}],\"inLanguage\":\"fr-FR\"}]}<\/script>\n<!-- \/ Yoast SEO plugin. -->","yoast_head_json":{"title":"Diagnostic - Praxium","description":"Le diagnostic permet de prioriser les actions d'am\u00e9lioration, de quantifier les enjeux et de de rentrer dans le contexte et le quotidien de l'entreprise","robots":{"index":"index","follow":"follow","max-snippet":"max-snippet:-1","max-image-preview":"max-image-preview:large","max-video-preview":"max-video-preview:-1"},"canonical":"https:\/\/www.praxium.fr\/WordPress3\/nos-services\/diagnostic\/","og_locale":"fr_FR","og_type":"article","og_title":"Diagnostic - Praxium","og_description":"Le diagnostic permet de prioriser les actions d'am\u00e9lioration, de quantifier les enjeux et de de rentrer dans le contexte et le quotidien de l'entreprise","og_url":"https:\/\/www.praxium.fr\/WordPress3\/nos-services\/diagnostic\/","og_site_name":"Praxium","article_publisher":"https:\/\/www.facebook.com\/praxium\/","article_modified_time":"2018-02-20T15:19:07+00:00","og_image":[{"url":"https:\/\/www.praxium.fr\/WordPress3\/wp-content\/uploads\/2015\/03\/target.png"}],"twitter_card":"summary_large_image","twitter_site":"@Praxium_fr","twitter_misc":{"Dur\u00e9e de lecture estim\u00e9e":"3 minutes"},"schema":{"@context":"https:\/\/schema.org","@graph":[{"@type":"WebPage","@id":"https:\/\/www.praxium.fr\/WordPress3\/nos-services\/diagnostic\/","url":"https:\/\/www.praxium.fr\/WordPress3\/nos-services\/diagnostic\/","name":"Diagnostic - Praxium","isPartOf":{"@id":"https:\/\/www.praxium.fr\/WordPress3\/#website"},"primaryImageOfPage":{"@id":"https:\/\/www.praxium.fr\/WordPress3\/nos-services\/diagnostic\/#primaryimage"},"image":{"@id":"https:\/\/www.praxium.fr\/WordPress3\/nos-services\/diagnostic\/#primaryimage"},"thumbnailUrl":"https:\/\/www.praxium.fr\/WordPress3\/wp-content\/uploads\/2015\/03\/target.png","datePublished":"2015-03-14T12:36:26+00:00","dateModified":"2018-02-20T15:19:07+00:00","description":"Le diagnostic permet de prioriser les actions d'am\u00e9lioration, de quantifier les enjeux et de de rentrer dans le contexte et le quotidien de l'entreprise","breadcrumb":{"@id":"https:\/\/www.praxium.fr\/WordPress3\/nos-services\/diagnostic\/#breadcrumb"},"inLanguage":"fr-FR","potentialAction":[{"@type":"ReadAction","target":["https:\/\/www.praxium.fr\/WordPress3\/nos-services\/diagnostic\/"]}]},{"@type":"ImageObject","inLanguage":"fr-FR","@id":"https:\/\/www.praxium.fr\/WordPress3\/nos-services\/diagnostic\/#primaryimage","url":"https:\/\/www.praxium.fr\/WordPress3\/wp-content\/uploads\/2015\/03\/target.png","contentUrl":"https:\/\/www.praxium.fr\/WordPress3\/wp-content\/uploads\/2015\/03\/target.png","width":334,"height":251},{"@type":"BreadcrumbList","@id":"https:\/\/www.praxium.fr\/WordPress3\/nos-services\/diagnostic\/#breadcrumb","itemListElement":[{"@type":"ListItem","position":1,"name":"Accueil","item":"https:\/\/www.praxium.fr\/WordPress3\/"},{"@type":"ListItem","position":2,"name":"Services","item":"https:\/\/www.praxium.fr\/WordPress3\/nos-services\/"},{"@type":"ListItem","position":3,"name":"Diagnostic"}]},{"@type":"WebSite","@id":"https:\/\/www.praxium.fr\/WordPress3\/#website","url":"https:\/\/www.praxium.fr\/WordPress3\/","name":"Praxium","description":"am\u00e9liore votre comp\u00e9titivit\u00e9...","potentialAction":[{"@type":"SearchAction","target":{"@type":"EntryPoint","urlTemplate":"https:\/\/www.praxium.fr\/WordPress3\/?s={search_term_string}"},"query-input":{"@type":"PropertyValueSpecification","valueRequired":true,"valueName":"search_term_string"}}],"inLanguage":"fr-FR"}]}},"jetpack_shortlink":"https:\/\/wp.me\/P5QOhk-K","jetpack_sharing_enabled":true,"_links":{"self":[{"href":"https:\/\/www.praxium.fr\/WordPress3\/wp-json\/wp\/v2\/pages\/46"}],"collection":[{"href":"https:\/\/www.praxium.fr\/WordPress3\/wp-json\/wp\/v2\/pages"}],"about":[{"href":"https:\/\/www.praxium.fr\/WordPress3\/wp-json\/wp\/v2\/types\/page"}],"author":[{"embeddable":true,"href":"https:\/\/www.praxium.fr\/WordPress3\/wp-json\/wp\/v2\/users\/2"}],"replies":[{"embeddable":true,"href":"https:\/\/www.praxium.fr\/WordPress3\/wp-json\/wp\/v2\/comments?post=46"}],"version-history":[{"count":32,"href":"https:\/\/www.praxium.fr\/WordPress3\/wp-json\/wp\/v2\/pages\/46\/revisions"}],"predecessor-version":[{"id":1478,"href":"https:\/\/www.praxium.fr\/WordPress3\/wp-json\/wp\/v2\/pages\/46\/revisions\/1478"}],"up":[{"embeddable":true,"href":"https:\/\/www.praxium.fr\/WordPress3\/wp-json\/wp\/v2\/pages\/102"}],"wp:attachment":[{"href":"https:\/\/www.praxium.fr\/WordPress3\/wp-json\/wp\/v2\/media?parent=46"}],"curies":[{"name":"wp","href":"https:\/\/api.w.org\/{rel}","templated":true}]}}