{"id":741,"date":"2016-02-25T11:20:18","date_gmt":"2016-02-25T10:20:18","guid":{"rendered":"http:\/\/praxium.fr\/WordPress3\/?page_id=741"},"modified":"2018-02-20T16:30:35","modified_gmt":"2018-02-20T15:30:35","slug":"vos-defis","status":"publish","type":"page","link":"https:\/\/www.praxium.fr\/WordPress3\/vos-defis\/","title":{"rendered":"vos d\u00e9fis pour am\u00e9liorer votre comp\u00e9titivit\u00e9"},"content":{"rendered":"<h1>Vous avez la conviction que vous devez encore\u00a0am\u00e9liorer votre comp\u00e9titivit\u00e9.<\/h1>\n<blockquote><p>Vous disposez d&#8217;avantages comp\u00e9titifs. Vous voulez renforcer vos\u00a0avantages gagnants pour mieux vous diff\u00e9rencier.<\/p>\n<p>Autant de d\u00e9fis qu&#8217;il vous faut relever !<\/p><\/blockquote>\n<div class=\"row\"><div class=\"col-md-6\"><p><\/p>\n<h2>Par quels d\u00e9fis commencer pour am\u00e9liorer votre comp\u00e9titivit\u00e9 ?<\/h2>\n<p>Comment se focaliser sur les avantages comp\u00e9titifs pour lesquels vous disposez des leviers en interne ? Lesquels seront les plus impactants ?<\/p>\n<p>Vous\u00a0avez identifi\u00e9 des axes de progr\u00e8s dans votre entreprise qui sont autant de d\u00e9fis \u00e0 relever.<\/p>\n<ul>\n<li>D\u00e9velopper plus de <a href=\"https:\/\/www.praxium.fr\/WordPress3\/vos-defis\/vos-defis-serenite\/\">s\u00e9r\u00e9nit\u00e9<\/a> en am\u00e9liorant les relations\u00a0et le management dans votre organisation.<\/li>\n<li>Assurer un meilleur niveau de <a href=\"https:\/\/www.praxium.fr\/WordPress3\/vos-defis\/qualite\/\">qualit\u00e9<\/a>\u00a0pour vos produits et vos services.<\/li>\n<li>Etre plus r\u00e9actif, am\u00e9liorer vos <a href=\"https:\/\/www.praxium.fr\/WordPress3\/vos-defis\/delais\/\">d\u00e9lais<\/a> et r\u00e9duire vos cycles.<\/li>\n<li>R\u00e9duire vos <a href=\"https:\/\/www.praxium.fr\/WordPress3\/vos-defis\/couts\/\">co\u00fbts<\/a>\u00a0pour am\u00e9liorer votre rentabilit\u00e9 ou d\u00e9gager une capacit\u00e9 de financement.<\/li>\n<li>Supprimer les <a href=\"https:\/\/www.praxium.fr\/WordPress3\/vos-defis\/depense-ajoutee\/\">d\u00e9penses ajout\u00e9es<\/a> que vos collaborateurs subissent au quotidien.<\/li>\n<li>Votre syst\u00e8me d&#8217;information a pris de l&#8217;\u00e2ge face aux \u00e9volutions r\u00e9centes du num\u00e9rique.<\/li>\n<li>Vous voulez ma\u00eetriser ces changements futurs et vous envisagez de faire intervenir\u00a0un <a href=\"https:\/\/www.praxium.fr\/WordPress3\/vos-defis\/vos-defis-conseil\/\">consultant<\/a>\u00a0pour vous accompagner.<\/li>\n<\/ul>\n<p><\/p><\/div><div class=\"col-md-6\"><p><\/p>\n<h2>Nos clients se posent souvent les questions suivantes.<\/h2>\n<p>Quand nous questionnons nos Clients au cours des\u00a0entretiens de <a href=\"https:\/\/www.praxium.fr\/WordPress3\/nos-services\/pre-etude\/\">pr\u00e9\u00a0\u00e9tude<\/a> sur les d\u00e9fis qu&#8217;ils ont \u00e0 relever\u00a0la liste est souvent longue.<\/p>\n<p>N\u00e9anmoins des interrogations reviennent r\u00e9guli\u00e8rement.<\/p>\n<ul>\n<li>Sur lesquels de mes d\u00e9fis y a t&#8217;il plus de progr\u00e8s \u00e0 r\u00e9aliser ?<\/li>\n<li>Lesquels auront le plus d&#8217;impact ?<\/li>\n<li>Comment estimer les potentiels de progr\u00e8s ?<\/li>\n<li>Par ou commencer pour ne pas se tromper ?<\/li>\n<li>Comment impliquer mon \u00e9quipe dans le changement ?<\/li>\n<li>Comment me rassurer sur l&#8217;atteinte des r\u00e9sultats ?<\/li>\n<li>Est-ce que j&#8217;aurais un retour sur investissement ?<\/li>\n<li>A quel horizon est-il r\u00e9aliste de constater les r\u00e9sultats ?<\/li>\n<\/ul>\n<p><\/p><\/div><\/div>\n<hr \/>\n<p>&nbsp;<\/p>\n<blockquote><p>Vous souhaitez \u00eatre accompagn\u00e9 pour relever ces d\u00e9fis et prioriser votre plan de progr\u00e8s.<\/p><\/blockquote>\n<a class=\" enigma_btn_blue enigma_btn_large  \" href=\"demande-de-renseignement\" target=\"\">contactez-nous !<\/a>\n<p>&nbsp;<\/p>\n","protected":false},"excerpt":{"rendered":"<p>Vous avez la conviction que vous devez encore\u00a0am\u00e9liorer votre comp\u00e9titivit\u00e9. Vous disposez d&#8217;avantages comp\u00e9titifs. Vous voulez renforcer vos\u00a0avantages gagnants pour mieux vous diff\u00e9rencier. Autant de d\u00e9fis qu&#8217;il vous faut relever ! &nbsp; Vous souhaitez \u00eatre accompagn\u00e9 pour relever ces d\u00e9fis et prioriser votre plan de progr\u00e8s. &nbsp;<\/p>\n","protected":false},"author":2,"featured_media":881,"parent":0,"menu_order":2,"comment_status":"closed","ping_status":"closed","template":"page-fullwidth.php","meta":{"_exactmetrics_skip_tracking":false,"_exactmetrics_sitenote_active":false,"_exactmetrics_sitenote_note":"","_exactmetrics_sitenote_category":0,"footnotes":""},"class_list":["post-741","page","type-page","status-publish","has-post-thumbnail","hentry"],"yoast_head":"<!-- This site is optimized with the Yoast SEO plugin v23.7 - https:\/\/yoast.com\/wordpress\/plugins\/seo\/ -->\n<title>vos d\u00e9fis pour am\u00e9liorer votre comp\u00e9titivit\u00e9 - Praxium<\/title>\n<meta name=\"description\" content=\"Quels d\u00e9fis relever pour am\u00e9liorer votre comp\u00e9titivit\u00e9 ? les questions courantes que se posent nos clients. Quelles pistes privil\u00e9gier ?\" \/>\n<meta name=\"robots\" content=\"index, follow, max-snippet:-1, max-image-preview:large, max-video-preview:-1\" \/>\n<link rel=\"canonical\" href=\"https:\/\/www.praxium.fr\/WordPress3\/vos-defis\/\" \/>\n<meta property=\"og:locale\" content=\"fr_FR\" \/>\n<meta property=\"og:type\" content=\"article\" \/>\n<meta property=\"og:title\" content=\"vos d\u00e9fis pour am\u00e9liorer votre comp\u00e9titivit\u00e9 - Praxium\" \/>\n<meta property=\"og:description\" content=\"Quels d\u00e9fis relever pour am\u00e9liorer votre comp\u00e9titivit\u00e9 ? les questions courantes que se posent nos clients. Quelles pistes privil\u00e9gier ?\" \/>\n<meta property=\"og:url\" content=\"https:\/\/www.praxium.fr\/WordPress3\/vos-defis\/\" \/>\n<meta property=\"og:site_name\" content=\"Praxium\" \/>\n<meta property=\"article:publisher\" content=\"https:\/\/www.facebook.com\/praxium\/\" \/>\n<meta property=\"article:modified_time\" content=\"2018-02-20T15:30:35+00:00\" \/>\n<meta property=\"og:image\" content=\"https:\/\/www.praxium.fr\/WordPress3\/wp-content\/uploads\/connect-1200-1.png\" \/>\n\t<meta property=\"og:image:width\" content=\"1200\" \/>\n\t<meta property=\"og:image:height\" content=\"520\" \/>\n\t<meta property=\"og:image:type\" content=\"image\/png\" \/>\n<meta name=\"twitter:card\" content=\"summary_large_image\" \/>\n<meta name=\"twitter:site\" content=\"@Praxium_fr\" \/>\n<meta name=\"twitter:label1\" content=\"Dur\u00e9e de lecture estim\u00e9e\" \/>\n\t<meta name=\"twitter:data1\" content=\"2 minutes\" \/>\n<script type=\"application\/ld+json\" class=\"yoast-schema-graph\">{\"@context\":\"https:\/\/schema.org\",\"@graph\":[{\"@type\":\"WebPage\",\"@id\":\"https:\/\/www.praxium.fr\/WordPress3\/vos-defis\/\",\"url\":\"https:\/\/www.praxium.fr\/WordPress3\/vos-defis\/\",\"name\":\"vos d\u00e9fis pour am\u00e9liorer votre comp\u00e9titivit\u00e9 - Praxium\",\"isPartOf\":{\"@id\":\"https:\/\/www.praxium.fr\/WordPress3\/#website\"},\"primaryImageOfPage\":{\"@id\":\"https:\/\/www.praxium.fr\/WordPress3\/vos-defis\/#primaryimage\"},\"image\":{\"@id\":\"https:\/\/www.praxium.fr\/WordPress3\/vos-defis\/#primaryimage\"},\"thumbnailUrl\":\"https:\/\/www.praxium.fr\/WordPress3\/wp-content\/uploads\/connect-1200-1.png\",\"datePublished\":\"2016-02-25T10:20:18+00:00\",\"dateModified\":\"2018-02-20T15:30:35+00:00\",\"description\":\"Quels d\u00e9fis relever pour am\u00e9liorer votre comp\u00e9titivit\u00e9 ? les questions courantes que se posent nos clients. Quelles pistes privil\u00e9gier ?\",\"breadcrumb\":{\"@id\":\"https:\/\/www.praxium.fr\/WordPress3\/vos-defis\/#breadcrumb\"},\"inLanguage\":\"fr-FR\",\"potentialAction\":[{\"@type\":\"ReadAction\",\"target\":[\"https:\/\/www.praxium.fr\/WordPress3\/vos-defis\/\"]}]},{\"@type\":\"ImageObject\",\"inLanguage\":\"fr-FR\",\"@id\":\"https:\/\/www.praxium.fr\/WordPress3\/vos-defis\/#primaryimage\",\"url\":\"https:\/\/www.praxium.fr\/WordPress3\/wp-content\/uploads\/connect-1200-1.png\",\"contentUrl\":\"https:\/\/www.praxium.fr\/WordPress3\/wp-content\/uploads\/connect-1200-1.png\",\"width\":1200,\"height\":520},{\"@type\":\"BreadcrumbList\",\"@id\":\"https:\/\/www.praxium.fr\/WordPress3\/vos-defis\/#breadcrumb\",\"itemListElement\":[{\"@type\":\"ListItem\",\"position\":1,\"name\":\"Accueil\",\"item\":\"https:\/\/www.praxium.fr\/WordPress3\/\"},{\"@type\":\"ListItem\",\"position\":2,\"name\":\"vos d\u00e9fis pour am\u00e9liorer votre comp\u00e9titivit\u00e9\"}]},{\"@type\":\"WebSite\",\"@id\":\"https:\/\/www.praxium.fr\/WordPress3\/#website\",\"url\":\"https:\/\/www.praxium.fr\/WordPress3\/\",\"name\":\"Praxium\",\"description\":\"am\u00e9liore votre comp\u00e9titivit\u00e9...\",\"potentialAction\":[{\"@type\":\"SearchAction\",\"target\":{\"@type\":\"EntryPoint\",\"urlTemplate\":\"https:\/\/www.praxium.fr\/WordPress3\/?s={search_term_string}\"},\"query-input\":{\"@type\":\"PropertyValueSpecification\",\"valueRequired\":true,\"valueName\":\"search_term_string\"}}],\"inLanguage\":\"fr-FR\"}]}<\/script>\n<!-- \/ Yoast SEO plugin. -->","yoast_head_json":{"title":"vos d\u00e9fis pour am\u00e9liorer votre comp\u00e9titivit\u00e9 - Praxium","description":"Quels d\u00e9fis relever pour am\u00e9liorer votre comp\u00e9titivit\u00e9 ? les questions courantes que se posent nos clients. Quelles pistes privil\u00e9gier ?","robots":{"index":"index","follow":"follow","max-snippet":"max-snippet:-1","max-image-preview":"max-image-preview:large","max-video-preview":"max-video-preview:-1"},"canonical":"https:\/\/www.praxium.fr\/WordPress3\/vos-defis\/","og_locale":"fr_FR","og_type":"article","og_title":"vos d\u00e9fis pour am\u00e9liorer votre comp\u00e9titivit\u00e9 - Praxium","og_description":"Quels d\u00e9fis relever pour am\u00e9liorer votre comp\u00e9titivit\u00e9 ? les questions courantes que se posent nos clients. Quelles pistes privil\u00e9gier ?","og_url":"https:\/\/www.praxium.fr\/WordPress3\/vos-defis\/","og_site_name":"Praxium","article_publisher":"https:\/\/www.facebook.com\/praxium\/","article_modified_time":"2018-02-20T15:30:35+00:00","og_image":[{"width":1200,"height":520,"url":"https:\/\/www.praxium.fr\/WordPress3\/wp-content\/uploads\/connect-1200-1.png","type":"image\/png"}],"twitter_card":"summary_large_image","twitter_site":"@Praxium_fr","twitter_misc":{"Dur\u00e9e de lecture estim\u00e9e":"2 minutes"},"schema":{"@context":"https:\/\/schema.org","@graph":[{"@type":"WebPage","@id":"https:\/\/www.praxium.fr\/WordPress3\/vos-defis\/","url":"https:\/\/www.praxium.fr\/WordPress3\/vos-defis\/","name":"vos d\u00e9fis pour am\u00e9liorer votre comp\u00e9titivit\u00e9 - Praxium","isPartOf":{"@id":"https:\/\/www.praxium.fr\/WordPress3\/#website"},"primaryImageOfPage":{"@id":"https:\/\/www.praxium.fr\/WordPress3\/vos-defis\/#primaryimage"},"image":{"@id":"https:\/\/www.praxium.fr\/WordPress3\/vos-defis\/#primaryimage"},"thumbnailUrl":"https:\/\/www.praxium.fr\/WordPress3\/wp-content\/uploads\/connect-1200-1.png","datePublished":"2016-02-25T10:20:18+00:00","dateModified":"2018-02-20T15:30:35+00:00","description":"Quels d\u00e9fis relever pour am\u00e9liorer votre comp\u00e9titivit\u00e9 ? les questions courantes que se posent nos clients. Quelles pistes privil\u00e9gier ?","breadcrumb":{"@id":"https:\/\/www.praxium.fr\/WordPress3\/vos-defis\/#breadcrumb"},"inLanguage":"fr-FR","potentialAction":[{"@type":"ReadAction","target":["https:\/\/www.praxium.fr\/WordPress3\/vos-defis\/"]}]},{"@type":"ImageObject","inLanguage":"fr-FR","@id":"https:\/\/www.praxium.fr\/WordPress3\/vos-defis\/#primaryimage","url":"https:\/\/www.praxium.fr\/WordPress3\/wp-content\/uploads\/connect-1200-1.png","contentUrl":"https:\/\/www.praxium.fr\/WordPress3\/wp-content\/uploads\/connect-1200-1.png","width":1200,"height":520},{"@type":"BreadcrumbList","@id":"https:\/\/www.praxium.fr\/WordPress3\/vos-defis\/#breadcrumb","itemListElement":[{"@type":"ListItem","position":1,"name":"Accueil","item":"https:\/\/www.praxium.fr\/WordPress3\/"},{"@type":"ListItem","position":2,"name":"vos d\u00e9fis pour am\u00e9liorer votre comp\u00e9titivit\u00e9"}]},{"@type":"WebSite","@id":"https:\/\/www.praxium.fr\/WordPress3\/#website","url":"https:\/\/www.praxium.fr\/WordPress3\/","name":"Praxium","description":"am\u00e9liore votre comp\u00e9titivit\u00e9...","potentialAction":[{"@type":"SearchAction","target":{"@type":"EntryPoint","urlTemplate":"https:\/\/www.praxium.fr\/WordPress3\/?s={search_term_string}"},"query-input":{"@type":"PropertyValueSpecification","valueRequired":true,"valueName":"search_term_string"}}],"inLanguage":"fr-FR"}]}},"jetpack_shortlink":"https:\/\/wp.me\/P5QOhk-bX","jetpack_sharing_enabled":true,"_links":{"self":[{"href":"https:\/\/www.praxium.fr\/WordPress3\/wp-json\/wp\/v2\/pages\/741"}],"collection":[{"href":"https:\/\/www.praxium.fr\/WordPress3\/wp-json\/wp\/v2\/pages"}],"about":[{"href":"https:\/\/www.praxium.fr\/WordPress3\/wp-json\/wp\/v2\/types\/page"}],"author":[{"embeddable":true,"href":"https:\/\/www.praxium.fr\/WordPress3\/wp-json\/wp\/v2\/users\/2"}],"replies":[{"embeddable":true,"href":"https:\/\/www.praxium.fr\/WordPress3\/wp-json\/wp\/v2\/comments?post=741"}],"version-history":[{"count":48,"href":"https:\/\/www.praxium.fr\/WordPress3\/wp-json\/wp\/v2\/pages\/741\/revisions"}],"predecessor-version":[{"id":1505,"href":"https:\/\/www.praxium.fr\/WordPress3\/wp-json\/wp\/v2\/pages\/741\/revisions\/1505"}],"wp:featuredmedia":[{"embeddable":true,"href":"https:\/\/www.praxium.fr\/WordPress3\/wp-json\/wp\/v2\/media\/881"}],"wp:attachment":[{"href":"https:\/\/www.praxium.fr\/WordPress3\/wp-json\/wp\/v2\/media?parent=741"}],"curies":[{"name":"wp","href":"https:\/\/api.w.org\/{rel}","templated":true}]}}