{"id":935,"date":"2016-03-12T16:16:13","date_gmt":"2016-03-12T15:16:13","guid":{"rendered":"http:\/\/praxium.fr\/WordPress3\/?page_id=935"},"modified":"2018-02-14T11:29:48","modified_gmt":"2018-02-14T10:29:48","slug":"excellence-operationnelle","status":"publish","type":"page","link":"https:\/\/www.praxium.fr\/WordPress3\/nos-competences\/excellence-operationnelle\/","title":{"rendered":"Excellence Op\u00e9rationnelle"},"content":{"rendered":"<h1>Nos comp\u00e9tences en Excellence Op\u00e9rationnelle<\/h1>\n<blockquote><p>D\u00e9ployer l&#8217;Excellence Op\u00e9rationnelle consiste \u00e0 partager et mettre en \u0153uvre la recherche d&#8217;efficacit\u00e9 et d&#8217;am\u00e9lioration continue des processus avec l&#8217;implication de l&#8217;ensemble des \u00e9quipes. Le management de proximit\u00e9 est le pivot sur lequel l&#8217;organisation s&#8217;appuie.<\/p><\/blockquote>\n<h2>les principes d&#8217;excellence op\u00e9rationnelle<\/h2>\n<ul>\n<li>la mission du responsable est de mettre ses \u00e9quipes en position de succ\u00e8s.<\/li>\n<li>le bien-\u00eatre au travail sous-tend les d\u00e9cisions de changement du responsable.<\/li>\n<li>la r\u00e9activit\u00e9 et la vitesse sont prioritaires sur la productivit\u00e9.<\/li>\n<li>on ne ma\u00eetrise que ce que l&#8217;on mesure.<\/li>\n<li>l&#8217;exemplarit\u00e9 est un incontournable de l&#8217;excellence.<\/li>\n<li>les principes de subsidiarit\u00e9 sous-tendent la volont\u00e9 d&#8217;autonomisation des \u00e9quipes.<\/li>\n<\/ul>\n<h2>le mod\u00e8le<\/h2>\n<blockquote><p><em>Notre mod\u00e8le repose sur le r\u00e9f\u00e9rentiel de management de l&#8217;European Foundation for Quality Management ou <a href=\"http:\/\/www.efqm.org\/\"><span class=\"caps\">EFQM<\/span><\/a><sup>\u00ae<br \/>\n<\/sup><\/em><\/p><\/blockquote>\n<p>3 dimensions pour d\u00e9ployer l\u2019Excellence Op\u00e9rationnelle :<\/p>\n<ol>\n<li>D\u00e9finir et d\u00e9ployer un <strong>syst\u00e8me de gestion op\u00e9rationnelle<\/strong> qui permette aux responsables de pr\u00e9voir, anticiper, planifier, suivre, analyser et ajuster leurs ressources.<\/li>\n<li>Construire et partager un <strong>r\u00e9f\u00e9rentiel de management<\/strong> terrain pour uniformiser des pratiques de management et construire la culture d&#8217;excellence.<\/li>\n<li>Mettre en \u0153uvre une dynamique de <strong>gestion du changement<\/strong> \u00e0 court et moyen terme sur l&#8217;ensemble de l&#8217;organisation.<\/li>\n<\/ol>\n<hr \/>\n<h2>Exemples d&#8217;actions<\/h2>\n<p>Nous construisons avec les \u00e9quipes leur r\u00e9f\u00e9rentiel de pilotage et de management.<\/p>\n<ul>\n<li>indicateurs et tableaux de bord.<\/li>\n<li>visuels de pilotage op\u00e9rationnels d&#8217;ateliers \/ services.<\/li>\n<li>rituels d&#8217;animation des \u00e9quipes : points minutes, face \u00e0 face, tourn\u00e9es de supervision, r\u00e9unions op\u00e9rationnelles quotidiennes,&#8230;<\/li>\n<li>d\u00e9ploiement d&#8217;outils et de pratiques collaboratives.<\/li>\n<li>accompagnement terrain des responsables.<\/li>\n<li>chantiers d&#8217;am\u00e9lioration continue,<\/li>\n<li>groupes de r\u00e9solution de probl\u00e8mes.<\/li>\n<\/ul>\n<h2>nos r\u00e9sultats<\/h2>\n<ul>\n<li>une meilleure communication au sein des \u00e9quipes.<\/li>\n<li>plus de fluidit\u00e9 des \u00e9changes avec les fonctions supports.<\/li>\n<li>les attentes des clients sont per\u00e7ues et comprises au niveau du terrain.<\/li>\n<li>les actions d&#8217;am\u00e9lioration court terme sont identifi\u00e9es et men\u00e9es \u00e0 terme.<\/li>\n<li>les op\u00e9rationnels ont le sentiment de moins perdre de temps.<\/li>\n<li>des pratiques de management connues et partag\u00e9es.<\/li>\n<li>les prises de d\u00e9cisions sont plus rapides et plus efficaces car le cadre est connu et partag\u00e9.<\/li>\n<\/ul>\n<p>&nbsp;<\/p>\n<blockquote><p><em>Un sentiment global de plus de s\u00e9r\u00e9nit\u00e9 au quotidien pour tous.<\/em><\/p><\/blockquote>\n<p>&nbsp;<\/p>\n<hr \/>\n<a class=\" enigma_btn_blue enigma_btn_large  \" href=\"https:\/\/www.praxium.fr\/WordPress3\/nos-competences\/excellence-operationnelle\/exep-efqm\/\" target=\"\">le mod\u00e8le EFQM<\/a>\n<p>&nbsp;<\/p>\n","protected":false},"excerpt":{"rendered":"<p>Nos comp\u00e9tences en Excellence Op\u00e9rationnelle D\u00e9ployer l&#8217;Excellence Op\u00e9rationnelle consiste \u00e0 partager et mettre en \u0153uvre la recherche d&#8217;efficacit\u00e9 et d&#8217;am\u00e9lioration continue des processus avec l&#8217;implication de l&#8217;ensemble des \u00e9quipes. Le management de proximit\u00e9 est le pivot sur lequel l&#8217;organisation s&#8217;appuie. les principes d&#8217;excellence op\u00e9rationnelle la mission du responsable est de mettre ses \u00e9quipes en position<\/p>\n","protected":false},"author":2,"featured_media":1396,"parent":61,"menu_order":0,"comment_status":"closed","ping_status":"closed","template":"page-fullwidth.php","meta":{"_exactmetrics_skip_tracking":false,"_exactmetrics_sitenote_active":false,"_exactmetrics_sitenote_note":"","_exactmetrics_sitenote_category":0,"footnotes":""},"class_list":["post-935","page","type-page","status-publish","has-post-thumbnail","hentry"],"yoast_head":"<!-- This site is optimized with the Yoast SEO plugin v23.7 - https:\/\/yoast.com\/wordpress\/plugins\/seo\/ -->\n<title>Excellence Op\u00e9rationnelle - Praxium<\/title>\n<meta name=\"description\" content=\"D\u00e9ployer l&#039;Excellence Op\u00e9rationnelle consiste \u00e0 partager et mettre en \u0153uvre la recherche d&#039;efficacit\u00e9 et d&#039;am\u00e9lioration continue des processus avec l&#039;implication de l&#039;ensemble des \u00e9quipes.\" \/>\n<meta name=\"robots\" content=\"index, follow, max-snippet:-1, max-image-preview:large, max-video-preview:-1\" \/>\n<link rel=\"canonical\" href=\"https:\/\/www.praxium.fr\/WordPress3\/nos-competences\/excellence-operationnelle\/\" \/>\n<meta property=\"og:locale\" content=\"fr_FR\" \/>\n<meta property=\"og:type\" content=\"article\" \/>\n<meta property=\"og:title\" content=\"Excellence Op\u00e9rationnelle - Praxium\" \/>\n<meta property=\"og:description\" content=\"D\u00e9ployer l&#039;Excellence Op\u00e9rationnelle consiste \u00e0 partager et mettre en \u0153uvre la recherche d&#039;efficacit\u00e9 et d&#039;am\u00e9lioration continue des processus avec l&#039;implication de l&#039;ensemble des \u00e9quipes.\" \/>\n<meta property=\"og:url\" content=\"https:\/\/www.praxium.fr\/WordPress3\/nos-competences\/excellence-operationnelle\/\" \/>\n<meta property=\"og:site_name\" content=\"Praxium\" \/>\n<meta property=\"article:publisher\" content=\"https:\/\/www.facebook.com\/praxium\/\" \/>\n<meta property=\"article:modified_time\" content=\"2018-02-14T10:29:48+00:00\" \/>\n<meta property=\"og:image\" content=\"https:\/\/www.praxium.fr\/WordPress3\/wp-content\/uploads\/2018\/02\/dawid-zawila-189125.jpg\" \/>\n\t<meta property=\"og:image:width\" content=\"1200\" \/>\n\t<meta property=\"og:image:height\" content=\"664\" \/>\n\t<meta property=\"og:image:type\" content=\"image\/jpeg\" \/>\n<meta name=\"twitter:card\" content=\"summary_large_image\" \/>\n<meta name=\"twitter:site\" content=\"@Praxium_fr\" \/>\n<meta name=\"twitter:label1\" content=\"Dur\u00e9e de lecture estim\u00e9e\" \/>\n\t<meta name=\"twitter:data1\" content=\"2 minutes\" \/>\n<script type=\"application\/ld+json\" class=\"yoast-schema-graph\">{\"@context\":\"https:\/\/schema.org\",\"@graph\":[{\"@type\":\"WebPage\",\"@id\":\"https:\/\/www.praxium.fr\/WordPress3\/nos-competences\/excellence-operationnelle\/\",\"url\":\"https:\/\/www.praxium.fr\/WordPress3\/nos-competences\/excellence-operationnelle\/\",\"name\":\"Excellence Op\u00e9rationnelle - Praxium\",\"isPartOf\":{\"@id\":\"https:\/\/www.praxium.fr\/WordPress3\/#website\"},\"primaryImageOfPage\":{\"@id\":\"https:\/\/www.praxium.fr\/WordPress3\/nos-competences\/excellence-operationnelle\/#primaryimage\"},\"image\":{\"@id\":\"https:\/\/www.praxium.fr\/WordPress3\/nos-competences\/excellence-operationnelle\/#primaryimage\"},\"thumbnailUrl\":\"https:\/\/www.praxium.fr\/WordPress3\/wp-content\/uploads\/2018\/02\/dawid-zawila-189125.jpg\",\"datePublished\":\"2016-03-12T15:16:13+00:00\",\"dateModified\":\"2018-02-14T10:29:48+00:00\",\"description\":\"D\u00e9ployer l'Excellence Op\u00e9rationnelle consiste \u00e0 partager et mettre en \u0153uvre la recherche d'efficacit\u00e9 et d'am\u00e9lioration continue des processus avec l'implication de l'ensemble des \u00e9quipes.\",\"breadcrumb\":{\"@id\":\"https:\/\/www.praxium.fr\/WordPress3\/nos-competences\/excellence-operationnelle\/#breadcrumb\"},\"inLanguage\":\"fr-FR\",\"potentialAction\":[{\"@type\":\"ReadAction\",\"target\":[\"https:\/\/www.praxium.fr\/WordPress3\/nos-competences\/excellence-operationnelle\/\"]}]},{\"@type\":\"ImageObject\",\"inLanguage\":\"fr-FR\",\"@id\":\"https:\/\/www.praxium.fr\/WordPress3\/nos-competences\/excellence-operationnelle\/#primaryimage\",\"url\":\"https:\/\/www.praxium.fr\/WordPress3\/wp-content\/uploads\/2018\/02\/dawid-zawila-189125.jpg\",\"contentUrl\":\"https:\/\/www.praxium.fr\/WordPress3\/wp-content\/uploads\/2018\/02\/dawid-zawila-189125.jpg\",\"width\":1200,\"height\":664,\"caption\":\"excellence operationnelle\"},{\"@type\":\"BreadcrumbList\",\"@id\":\"https:\/\/www.praxium.fr\/WordPress3\/nos-competences\/excellence-operationnelle\/#breadcrumb\",\"itemListElement\":[{\"@type\":\"ListItem\",\"position\":1,\"name\":\"Accueil\",\"item\":\"https:\/\/www.praxium.fr\/WordPress3\/\"},{\"@type\":\"ListItem\",\"position\":2,\"name\":\"nos comp\u00e9tences\",\"item\":\"https:\/\/www.praxium.fr\/WordPress3\/nos-competences\/\"},{\"@type\":\"ListItem\",\"position\":3,\"name\":\"Excellence Op\u00e9rationnelle\"}]},{\"@type\":\"WebSite\",\"@id\":\"https:\/\/www.praxium.fr\/WordPress3\/#website\",\"url\":\"https:\/\/www.praxium.fr\/WordPress3\/\",\"name\":\"Praxium\",\"description\":\"am\u00e9liore votre comp\u00e9titivit\u00e9...\",\"potentialAction\":[{\"@type\":\"SearchAction\",\"target\":{\"@type\":\"EntryPoint\",\"urlTemplate\":\"https:\/\/www.praxium.fr\/WordPress3\/?s={search_term_string}\"},\"query-input\":{\"@type\":\"PropertyValueSpecification\",\"valueRequired\":true,\"valueName\":\"search_term_string\"}}],\"inLanguage\":\"fr-FR\"}]}<\/script>\n<!-- \/ Yoast SEO plugin. -->","yoast_head_json":{"title":"Excellence Op\u00e9rationnelle - Praxium","description":"D\u00e9ployer l'Excellence Op\u00e9rationnelle consiste \u00e0 partager et mettre en \u0153uvre la recherche d'efficacit\u00e9 et d'am\u00e9lioration continue des processus avec l'implication de l'ensemble des \u00e9quipes.","robots":{"index":"index","follow":"follow","max-snippet":"max-snippet:-1","max-image-preview":"max-image-preview:large","max-video-preview":"max-video-preview:-1"},"canonical":"https:\/\/www.praxium.fr\/WordPress3\/nos-competences\/excellence-operationnelle\/","og_locale":"fr_FR","og_type":"article","og_title":"Excellence Op\u00e9rationnelle - Praxium","og_description":"D\u00e9ployer l'Excellence Op\u00e9rationnelle consiste \u00e0 partager et mettre en \u0153uvre la recherche d'efficacit\u00e9 et d'am\u00e9lioration continue des processus avec l'implication de l'ensemble des \u00e9quipes.","og_url":"https:\/\/www.praxium.fr\/WordPress3\/nos-competences\/excellence-operationnelle\/","og_site_name":"Praxium","article_publisher":"https:\/\/www.facebook.com\/praxium\/","article_modified_time":"2018-02-14T10:29:48+00:00","og_image":[{"width":1200,"height":664,"url":"https:\/\/www.praxium.fr\/WordPress3\/wp-content\/uploads\/2018\/02\/dawid-zawila-189125.jpg","type":"image\/jpeg"}],"twitter_card":"summary_large_image","twitter_site":"@Praxium_fr","twitter_misc":{"Dur\u00e9e de lecture estim\u00e9e":"2 minutes"},"schema":{"@context":"https:\/\/schema.org","@graph":[{"@type":"WebPage","@id":"https:\/\/www.praxium.fr\/WordPress3\/nos-competences\/excellence-operationnelle\/","url":"https:\/\/www.praxium.fr\/WordPress3\/nos-competences\/excellence-operationnelle\/","name":"Excellence Op\u00e9rationnelle - Praxium","isPartOf":{"@id":"https:\/\/www.praxium.fr\/WordPress3\/#website"},"primaryImageOfPage":{"@id":"https:\/\/www.praxium.fr\/WordPress3\/nos-competences\/excellence-operationnelle\/#primaryimage"},"image":{"@id":"https:\/\/www.praxium.fr\/WordPress3\/nos-competences\/excellence-operationnelle\/#primaryimage"},"thumbnailUrl":"https:\/\/www.praxium.fr\/WordPress3\/wp-content\/uploads\/2018\/02\/dawid-zawila-189125.jpg","datePublished":"2016-03-12T15:16:13+00:00","dateModified":"2018-02-14T10:29:48+00:00","description":"D\u00e9ployer l'Excellence Op\u00e9rationnelle consiste \u00e0 partager et mettre en \u0153uvre la recherche d'efficacit\u00e9 et d'am\u00e9lioration continue des processus avec l'implication de l'ensemble des \u00e9quipes.","breadcrumb":{"@id":"https:\/\/www.praxium.fr\/WordPress3\/nos-competences\/excellence-operationnelle\/#breadcrumb"},"inLanguage":"fr-FR","potentialAction":[{"@type":"ReadAction","target":["https:\/\/www.praxium.fr\/WordPress3\/nos-competences\/excellence-operationnelle\/"]}]},{"@type":"ImageObject","inLanguage":"fr-FR","@id":"https:\/\/www.praxium.fr\/WordPress3\/nos-competences\/excellence-operationnelle\/#primaryimage","url":"https:\/\/www.praxium.fr\/WordPress3\/wp-content\/uploads\/2018\/02\/dawid-zawila-189125.jpg","contentUrl":"https:\/\/www.praxium.fr\/WordPress3\/wp-content\/uploads\/2018\/02\/dawid-zawila-189125.jpg","width":1200,"height":664,"caption":"excellence operationnelle"},{"@type":"BreadcrumbList","@id":"https:\/\/www.praxium.fr\/WordPress3\/nos-competences\/excellence-operationnelle\/#breadcrumb","itemListElement":[{"@type":"ListItem","position":1,"name":"Accueil","item":"https:\/\/www.praxium.fr\/WordPress3\/"},{"@type":"ListItem","position":2,"name":"nos comp\u00e9tences","item":"https:\/\/www.praxium.fr\/WordPress3\/nos-competences\/"},{"@type":"ListItem","position":3,"name":"Excellence Op\u00e9rationnelle"}]},{"@type":"WebSite","@id":"https:\/\/www.praxium.fr\/WordPress3\/#website","url":"https:\/\/www.praxium.fr\/WordPress3\/","name":"Praxium","description":"am\u00e9liore votre comp\u00e9titivit\u00e9...","potentialAction":[{"@type":"SearchAction","target":{"@type":"EntryPoint","urlTemplate":"https:\/\/www.praxium.fr\/WordPress3\/?s={search_term_string}"},"query-input":{"@type":"PropertyValueSpecification","valueRequired":true,"valueName":"search_term_string"}}],"inLanguage":"fr-FR"}]}},"jetpack_shortlink":"https:\/\/wp.me\/P5QOhk-f5","jetpack_sharing_enabled":true,"_links":{"self":[{"href":"https:\/\/www.praxium.fr\/WordPress3\/wp-json\/wp\/v2\/pages\/935"}],"collection":[{"href":"https:\/\/www.praxium.fr\/WordPress3\/wp-json\/wp\/v2\/pages"}],"about":[{"href":"https:\/\/www.praxium.fr\/WordPress3\/wp-json\/wp\/v2\/types\/page"}],"author":[{"embeddable":true,"href":"https:\/\/www.praxium.fr\/WordPress3\/wp-json\/wp\/v2\/users\/2"}],"replies":[{"embeddable":true,"href":"https:\/\/www.praxium.fr\/WordPress3\/wp-json\/wp\/v2\/comments?post=935"}],"version-history":[{"count":14,"href":"https:\/\/www.praxium.fr\/WordPress3\/wp-json\/wp\/v2\/pages\/935\/revisions"}],"predecessor-version":[{"id":1403,"href":"https:\/\/www.praxium.fr\/WordPress3\/wp-json\/wp\/v2\/pages\/935\/revisions\/1403"}],"up":[{"embeddable":true,"href":"https:\/\/www.praxium.fr\/WordPress3\/wp-json\/wp\/v2\/pages\/61"}],"wp:featuredmedia":[{"embeddable":true,"href":"https:\/\/www.praxium.fr\/WordPress3\/wp-json\/wp\/v2\/media\/1396"}],"wp:attachment":[{"href":"https:\/\/www.praxium.fr\/WordPress3\/wp-json\/wp\/v2\/media?parent=935"}],"curies":[{"name":"wp","href":"https:\/\/api.w.org\/{rel}","templated":true}]}}